{"id":131,"date":"2018-08-13T13:02:31","date_gmt":"2018-08-13T17:02:31","guid":{"rendered":"http:\/\/nueva.cchen.cl\/?page_id=131"},"modified":"2024-10-14T18:28:11","modified_gmt":"2024-10-14T22:28:11","slug":"consejo-directivo","status":"publish","type":"page","link":"https:\/\/www.cchen.cl\/?page_id=131","title":{"rendered":"Consejo Directivo"},"content":{"rendered":"<p>La Comisi\u00f3n Chilena de Energ\u00eda Nuclear es dirigida y administrada por un Consejo Directivo y un Director Ejecutivo, seg\u00fan el art\u00edculo N\u00b0 9 de la ley 16.319.<\/p>\n<p>Los Consejeros son designados por el Presidente de la Rep\u00fablica, por un per\u00edodo de tres a\u00f1os, salvo que dejen de contar con su confianza, pudiendo en tal caso ser redesignados.<\/p>\n<p>El Consejo Directivo est\u00e1 integrado de la siguiente forma:<\/p>\n<table class=\"table table-light table-hover\">\n<thead>\n<tr>\n<th>Nombre<\/th>\n<th>Cargo<\/th>\n<th>Representaci\u00f3n<\/th>\n<\/tr>\n<\/thead>\n<tbody>\n<tr>\n<td>Julio Maturana Fran\u00e7a<\/td>\n<td>Presidente <abbr class='c2c-text-hover' title='Comisi\u00f3n Chilena de Energ\u00eda Nuclear.'>CCHEN<\/abbr><\/td>\n<td>Presidente de la Rep\u00fablica<\/td>\n<\/tr>\n<tr>\n<td>Francisco Mackay Imboden<\/td>\n<td>Vicepresidente <abbr class='c2c-text-hover' title='Comisi\u00f3n Chilena de Energ\u00eda Nuclear.'>CCHEN<\/abbr><\/td>\n<td>Comandante en Jefe de la Armada de Chile<\/td>\n<\/tr>\n<tr>\n<td>\u00d3scar Bustos Carrasco<\/td>\n<td>Consejero <abbr class='c2c-text-hover' title='Comisi\u00f3n Chilena de Energ\u00eda Nuclear.'>CCHEN<\/abbr><\/td>\n<td>General de Divisi\u00f3n (R) del Ej\u00e9rcito de Chile<\/td>\n<\/tr>\n<tr>\n<td>Carlos Saavedra Rubilar<\/td>\n<td>Consejero <abbr class='c2c-text-hover' title='Comisi\u00f3n Chilena de Energ\u00eda Nuclear.'>CCHEN<\/abbr><\/td>\n<td>Consejo de Rectores Universidades Chilenas<\/td>\n<\/tr>\n<tr>\n<td>Francisco Torres Villa<\/td>\n<td>Consejero <abbr class='c2c-text-hover' title='Comisi\u00f3n Chilena de Energ\u00eda Nuclear.'>CCHEN<\/abbr><\/td>\n<td>Comandante en Jefe de la Fuerza A\u00e9rea de Chile<\/td>\n<\/tr>\n<tr>\n<td>Camila Silva Olivares<\/td>\n<td>Consejera <abbr class='c2c-text-hover' title='Comisi\u00f3n Chilena de Energ\u00eda Nuclear.'>CCHEN<\/abbr><\/td>\n<td>Ministerio de Salud<\/td>\n<\/tr>\n<tr>\n<td>Tania Sauma P\u00e9rez<\/td>\n<td>Consejera <abbr class='c2c-text-hover' title='Comisi\u00f3n Chilena de Energ\u00eda Nuclear.'>CCHEN<\/abbr><\/td>\n<td>Ministerio de Energ\u00eda<\/td>\n<\/tr>\n<\/tbody>\n<\/table>\n<ul>\n<li><a href=\"https:\/\/www.cchen.cl\/pdf\/reglamento-funcionamiento-consejo-directivo.pdf\" target=\"_blank\" rel=\"noopener noreferrer\">Reglamento para el funcionamiento del Consejo Directivo de la <abbr class='c2c-text-hover' title='Comisi\u00f3n Chilena de Energ\u00eda Nuclear.'>CCHEN<\/abbr>(Resoluci\u00f3n Exenta)<\/a><\/li>\n<li><a href=\"https:\/\/www.cchen.cl\/pdf\/acuerdos_consejo\/Acuerdo_2221.pdf\" target=\"_blank\" rel=\"noopener noreferrer\">Acuerdo de Consejo 2221\/2017(Remoto)<\/a><\/li>\n<li>Creaci\u00f3n de Comit\u00e9s de Consejeros(Acuerdos <a href=\"https:\/\/www.cchen.cl\/pdf\/acuerdos_consejo\/Acuerdo_2390.pdf\" target=\"_blank\" rel=\"noopener\">2390<\/a> y <a href=\"https:\/\/www.cchen.cl\/pdf\/acuerdos_consejo\/Acuerdo_2459.pdf\" target=\"_blank\" rel=\"noopener\">2459<\/a>)<\/li>\n<\/ul>\n","protected":false},"excerpt":{"rendered":"<p>La Comisi\u00f3n Chilena de Energ\u00eda Nuclear es dirigida y administrada por un Consejo Directivo y un Director Ejecutivo, seg\u00fan el art\u00edculo N\u00b0 9 de la ley 16.319. Los Consejeros son designados por el Presidente de la Rep\u00fablica, por un per\u00edodo de tres a\u00f1os, salvo que dejen de contar con su confianza, pudiendo en tal caso&#8230; <a class=\"read-more\" href=\"https:\/\/www.cchen.cl\/?page_id=131\">Leer m\u00e1s >><\/a><\/p>\n","protected":false},"author":3,"featured_media":0,"parent":20,"menu_order":0,"comment_status":"closed","ping_status":"closed","template":"institucion-interior.php","meta":{"footnotes":"","_links_to":"","_links_to_target":""},"class_list":["post-131","page","type-page","status-publish","hentry"],"_links":{"self":[{"href":"https:\/\/www.cchen.cl\/index.php?rest_route=\/wp\/v2\/pages\/131","targetHints":{"allow":["GET"]}}],"collection":[{"href":"https:\/\/www.cchen.cl\/index.php?rest_route=\/wp\/v2\/pages"}],"about":[{"href":"https:\/\/www.cchen.cl\/index.php?rest_route=\/wp\/v2\/types\/page"}],"author":[{"embeddable":true,"href":"https:\/\/www.cchen.cl\/index.php?rest_route=\/wp\/v2\/users\/3"}],"replies":[{"embeddable":true,"href":"https:\/\/www.cchen.cl\/index.php?rest_route=%2Fwp%2Fv2%2Fcomments&post=131"}],"version-history":[{"count":37,"href":"https:\/\/www.cchen.cl\/index.php?rest_route=\/wp\/v2\/pages\/131\/revisions"}],"predecessor-version":[{"id":8140,"href":"https:\/\/www.cchen.cl\/index.php?rest_route=\/wp\/v2\/pages\/131\/revisions\/8140"}],"up":[{"embeddable":true,"href":"https:\/\/www.cchen.cl\/index.php?rest_route=\/wp\/v2\/pages\/20"}],"wp:attachment":[{"href":"https:\/\/www.cchen.cl\/index.php?rest_route=%2Fwp%2Fv2%2Fmedia&parent=131"}],"curies":[{"name":"wp","href":"https:\/\/api.w.org\/{rel}","templated":true}]}}