{"id":1505,"date":"2018-10-16T09:54:50","date_gmt":"2018-10-16T13:54:50","guid":{"rendered":"http:\/\/nueva.cchen.cl\/?page_id=1505"},"modified":"2018-10-31T14:02:29","modified_gmt":"2018-10-31T18:02:29","slug":"energia-nuclear-en-nuestra-vida-cotidiana","status":"publish","type":"page","link":"https:\/\/www.cchen.cl\/?page_id=1505","title":{"rendered":"Energ\u00eda nuclear en nuestra vida cotidiana"},"content":{"rendered":"<h3><b>En Chile la Energ\u00eda Nuclear tiene m\u00faltiples aplicaciones:<\/b><\/h3>\n<p><strong>En agricultura:<\/strong>\u00a0se utilizan t\u00e9cnicas nucleares para entregar soluciones en \u00e1reas de fertilidad de suelos, eficiencia de nutrientes, racionalizaci\u00f3n del agua, presencia y comportamiento de contaminantes y plaguicidas, control de plagas y mejoramiento de cultivos.<\/p>\n<figure id=\"attachment_2048\" aria-describedby=\"caption-attachment-2048\" style=\"width: 550px\" class=\"wp-caption aligncenter\"><img loading=\"lazy\" decoding=\"async\" class=\" wp-image-2048\" src=\"https:\/\/www.cchen.cl\/wp-content\/uploads\/2018\/10\/estudios.jpg\" alt=\"\" width=\"550\" height=\"275\" srcset=\"https:\/\/www.cchen.cl\/wp-content\/uploads\/2018\/10\/estudios.jpg 600w, https:\/\/www.cchen.cl\/wp-content\/uploads\/2018\/10\/estudios-300x150.jpg 300w\" sizes=\"auto, (max-width: 550px) 100vw, 550px\" \/><figcaption id=\"caption-attachment-2048\" class=\"wp-caption-text\">Estudios en cultivos y suelos<\/figcaption><\/figure>\n<p>&nbsp;<\/p>\n<p><strong>En industria y medio ambiente:<\/strong>\u00a0se usan elementos radiactivos para determinar caudales y velocidades en fluidos, filtraciones y desgaste de materiales. Tambi\u00e9n se pueden obtener im\u00e1genes para estudiar calidad y composici\u00f3n de estructuras. En medio ambiente\u00a0se usan t\u00e9cnicas para detectar contaminantes y presencia de elementos qu\u00edmicos en muestras y materiales.<\/p>\n<figure id=\"attachment_2050\" aria-describedby=\"caption-attachment-2050\" style=\"width: 550px\" class=\"wp-caption aligncenter\"><img loading=\"lazy\" decoding=\"async\" class=\" wp-image-2050\" src=\"https:\/\/www.cchen.cl\/wp-content\/uploads\/2018\/10\/fluidos.jpg\" alt=\"\" width=\"550\" height=\"275\" srcset=\"https:\/\/www.cchen.cl\/wp-content\/uploads\/2018\/10\/fluidos.jpg 600w, https:\/\/www.cchen.cl\/wp-content\/uploads\/2018\/10\/fluidos-300x150.jpg 300w\" sizes=\"auto, (max-width: 550px) 100vw, 550px\" \/><figcaption id=\"caption-attachment-2050\" class=\"wp-caption-text\">Estudios en fluidos y contaminantes<\/figcaption><\/figure>\n<p>&nbsp;<\/p>\n<p><strong>En alimentos, materias primas y otros productos:<\/strong>\u00a0para retardar maduraci\u00f3n y brotaci\u00f3n, eliminar insectos, bacterias, hongos y microbios, prolongando la vida \u00fatil de los alimentos. Adem\u00e1s, para esterilizar materiales e insumos de uso m\u00e9dico y descontaminar diversas materias primas utilizadas en la elaboraci\u00f3n de productos de usos personal.<\/p>\n<figure id=\"attachment_2052\" aria-describedby=\"caption-attachment-2052\" style=\"width: 550px\" class=\"wp-caption aligncenter\"><img loading=\"lazy\" decoding=\"async\" class=\" wp-image-2052\" src=\"https:\/\/www.cchen.cl\/wp-content\/uploads\/2018\/10\/irradiacion.png\" alt=\"\" width=\"550\" height=\"275\" srcset=\"https:\/\/www.cchen.cl\/wp-content\/uploads\/2018\/10\/irradiacion.png 600w, https:\/\/www.cchen.cl\/wp-content\/uploads\/2018\/10\/irradiacion-300x150.png 300w\" sizes=\"auto, (max-width: 550px) 100vw, 550px\" \/><figcaption id=\"caption-attachment-2052\" class=\"wp-caption-text\">Planta de Irradiaci\u00f3n de Alimentos (PIM) del Centro de Estudios Nucleares Lo Aguirre<\/figcaption><\/figure>\n<p>&nbsp;<\/p>\n<p><strong>En medicina:<\/strong>\u00a0los is\u00f3topos radiactivos producidos en el\u00a0 pa\u00eds representan una poderos\u00edsima herramienta para los m\u00e9dicos y los investigadores del \u00e1rea. Se producen radiois\u00f3topos para\u00a0 aplicar en ex\u00e1menes y terapias contra el c\u00e1ncer, se irradia piel y huesos para trasplantes y tratamiento de quemaduras, se irradia sangre humana para transfusiones en enfermos inmunodeprimidos.<\/p>\n<figure id=\"attachment_2054\" aria-describedby=\"caption-attachment-2054\" style=\"width: 550px\" class=\"wp-caption aligncenter\"><img loading=\"lazy\" decoding=\"async\" class=\" wp-image-2054\" src=\"https:\/\/www.cchen.cl\/wp-content\/uploads\/2018\/10\/productos-sanguineos.jpg\" alt=\"\" width=\"550\" height=\"275\" srcset=\"https:\/\/www.cchen.cl\/wp-content\/uploads\/2018\/10\/productos-sanguineos.jpg 600w, https:\/\/www.cchen.cl\/wp-content\/uploads\/2018\/10\/productos-sanguineos-300x150.jpg 300w\" sizes=\"auto, (max-width: 550px) 100vw, 550px\" \/><figcaption id=\"caption-attachment-2054\" class=\"wp-caption-text\">Irradiadores del CEN La Reina | Sangre irradiada<\/figcaption><\/figure>\n<p>&nbsp;<\/p>\n<figure id=\"attachment_2055\" aria-describedby=\"caption-attachment-2055\" style=\"width: 550px\" class=\"wp-caption aligncenter\"><img loading=\"lazy\" decoding=\"async\" class=\" wp-image-2055\" src=\"https:\/\/www.cchen.cl\/wp-content\/uploads\/2018\/10\/medicina.jpg\" alt=\"\" width=\"550\" height=\"275\" srcset=\"https:\/\/www.cchen.cl\/wp-content\/uploads\/2018\/10\/medicina.jpg 600w, https:\/\/www.cchen.cl\/wp-content\/uploads\/2018\/10\/medicina-300x150.jpg 300w\" sizes=\"auto, (max-width: 550px) 100vw, 550px\" \/><figcaption id=\"caption-attachment-2055\" class=\"wp-caption-text\">Proceso de irradiaci\u00f3n de piel y huesos<\/figcaption><\/figure>\n<p><b>Ciclotr\u00f3n:<\/b>\u00a0es un acelerador de part\u00edculas\u00a0 que permite producir un radiois\u00f3topo llamado \u201cFl\u00faor 18\u201d. Este elemento radiactivo permite detectar diversos tipos de c\u00e1ncer de manera prematura.<\/p>\n<figure id=\"attachment_2057\" aria-describedby=\"caption-attachment-2057\" style=\"width: 550px\" class=\"wp-caption aligncenter\"><img loading=\"lazy\" decoding=\"async\" class=\" wp-image-2057\" src=\"https:\/\/www.cchen.cl\/wp-content\/uploads\/2018\/10\/fluor.jpg\" alt=\"\" width=\"550\" height=\"275\" srcset=\"https:\/\/www.cchen.cl\/wp-content\/uploads\/2018\/10\/fluor.jpg 600w, https:\/\/www.cchen.cl\/wp-content\/uploads\/2018\/10\/fluor-300x150.jpg 300w\" sizes=\"auto, (max-width: 550px) 100vw, 550px\" \/><figcaption id=\"caption-attachment-2057\" class=\"wp-caption-text\">Ciclotr\u00f3n CEN La Reina | Radiois\u00f3topo Fl\u00faor 18<\/figcaption><\/figure>\n","protected":false},"excerpt":{"rendered":"<p>En Chile la Energ\u00eda Nuclear tiene m\u00faltiples aplicaciones: En agricultura:\u00a0se utilizan t\u00e9cnicas nucleares para entregar soluciones en \u00e1reas de fertilidad de suelos, eficiencia de nutrientes, racionalizaci\u00f3n del agua, presencia y comportamiento de contaminantes y plaguicidas, control de plagas y mejoramiento de cultivos. &nbsp; En industria y medio ambiente:\u00a0se usan elementos radiactivos para determinar caudales y&#8230; <a class=\"read-more\" href=\"https:\/\/www.cchen.cl\/?page_id=1505\">Leer m\u00e1s >><\/a><\/p>\n","protected":false},"author":3,"featured_media":0,"parent":267,"menu_order":0,"comment_status":"closed","ping_status":"closed","template":"educacion-interior.php","meta":{"footnotes":"","_links_to":"","_links_to_target":""},"class_list":["post-1505","page","type-page","status-publish","hentry"],"_links":{"self":[{"href":"https:\/\/www.cchen.cl\/index.php?rest_route=\/wp\/v2\/pages\/1505","targetHints":{"allow":["GET"]}}],"collection":[{"href":"https:\/\/www.cchen.cl\/index.php?rest_route=\/wp\/v2\/pages"}],"about":[{"href":"https:\/\/www.cchen.cl\/index.php?rest_route=\/wp\/v2\/types\/page"}],"author":[{"embeddable":true,"href":"https:\/\/www.cchen.cl\/index.php?rest_route=\/wp\/v2\/users\/3"}],"replies":[{"embeddable":true,"href":"https:\/\/www.cchen.cl\/index.php?rest_route=%2Fwp%2Fv2%2Fcomments&post=1505"}],"version-history":[{"count":10,"href":"https:\/\/www.cchen.cl\/index.php?rest_route=\/wp\/v2\/pages\/1505\/revisions"}],"predecessor-version":[{"id":2058,"href":"https:\/\/www.cchen.cl\/index.php?rest_route=\/wp\/v2\/pages\/1505\/revisions\/2058"}],"up":[{"embeddable":true,"href":"https:\/\/www.cchen.cl\/index.php?rest_route=\/wp\/v2\/pages\/267"}],"wp:attachment":[{"href":"https:\/\/www.cchen.cl\/index.php?rest_route=%2Fwp%2Fv2%2Fmedia&parent=1505"}],"curies":[{"name":"wp","href":"https:\/\/api.w.org\/{rel}","templated":true}]}}