{"id":1507,"date":"2018-10-16T09:55:44","date_gmt":"2018-10-16T13:55:44","guid":{"rendered":"http:\/\/nueva.cchen.cl\/?page_id=1507"},"modified":"2020-07-07T14:54:07","modified_gmt":"2020-07-07T18:54:07","slug":"y-la-seguridad","status":"publish","type":"page","link":"https:\/\/www.cchen.cl\/?page_id=1507","title":{"rendered":"\u00bfY la seguridad?"},"content":{"rendered":"<h3>\u00bfY la seguridad?<\/h3>\n<p>Toda forma de vida en la Tierra est\u00e1 expuesta a radiaciones de diverso tipo y origen, que provienen del medio ambiente. Algunas son de origen natural y otras son artificiales, es decir, generadas por acciones humanas. <b><br \/>\n<\/b><\/p>\n<figure id=\"attachment_2059\" aria-describedby=\"caption-attachment-2059\" style=\"width: 450px\" class=\"wp-caption aligncenter\"><img loading=\"lazy\" decoding=\"async\" class=\" wp-image-2059\" src=\"https:\/\/www.cchen.cl\/wp-content\/uploads\/2018\/10\/Imagen14.png\" alt=\"\" width=\"450\" height=\"369\" srcset=\"https:\/\/www.cchen.cl\/wp-content\/uploads\/2018\/10\/Imagen14.png 493w, https:\/\/www.cchen.cl\/wp-content\/uploads\/2018\/10\/Imagen14-300x246.png 300w\" sizes=\"auto, (max-width: 450px) 100vw, 450px\" \/><figcaption id=\"caption-attachment-2059\" class=\"wp-caption-text\">Fuente: CSN<\/figcaption><\/figure>\n<h3><img loading=\"lazy\" decoding=\"async\" class=\" wp-image-2061 aligncenter\" src=\"https:\/\/www.cchen.cl\/wp-content\/uploads\/2018\/10\/Imagen15.png\" alt=\"\" width=\"450\" height=\"454\" srcset=\"https:\/\/www.cchen.cl\/wp-content\/uploads\/2018\/10\/Imagen15.png 509w, https:\/\/www.cchen.cl\/wp-content\/uploads\/2018\/10\/Imagen15-150x150.png 150w, https:\/\/www.cchen.cl\/wp-content\/uploads\/2018\/10\/Imagen15-298x300.png 298w\" sizes=\"auto, (max-width: 450px) 100vw, 450px\" \/><\/h3>\n<h3><\/h3>\n<h3><b>La protecci\u00f3n frente a las radiaciones<\/b><\/h3>\n<p>Las radiaciones alfa, beta, gamma, rayos X\u00a0 y de neutrones se denominan \u201cradiaciones ionizantes\u201d, dado que cuando atraviesan la materia son capaces de arrancar electrones de los \u00e1tomos. En el cuerpo humano esto puede causar da\u00f1o biol\u00f3gico. La mayor\u00eda de estas radiaciones emergen del n\u00facleo de los \u00e1tomos.<\/p>\n<p><img loading=\"lazy\" decoding=\"async\" class=\" wp-image-2066 aligncenter\" src=\"https:\/\/www.cchen.cl\/wp-content\/uploads\/2018\/10\/shutterstock_158457272.jpg\" alt=\"\" width=\"549\" height=\"368\" srcset=\"https:\/\/www.cchen.cl\/wp-content\/uploads\/2018\/10\/shutterstock_158457272.jpg 1000w, https:\/\/www.cchen.cl\/wp-content\/uploads\/2018\/10\/shutterstock_158457272-300x201.jpg 300w, https:\/\/www.cchen.cl\/wp-content\/uploads\/2018\/10\/shutterstock_158457272-768x515.jpg 768w\" sizes=\"auto, (max-width: 549px) 100vw, 549px\" \/><\/p>\n<p>Estas radiaciones no se pueden ver, palpar, ni oler, por lo cual es necesario usar instrumentos de detecci\u00f3n y barreras de protecci\u00f3n.<\/p>\n<figure id=\"attachment_2068\" aria-describedby=\"caption-attachment-2068\" style=\"width: 552px\" class=\"wp-caption aligncenter\"><img loading=\"lazy\" decoding=\"async\" class=\" wp-image-2068\" src=\"https:\/\/www.cchen.cl\/wp-content\/uploads\/2018\/10\/Imagen16.jpg\" alt=\"\" width=\"552\" height=\"253\" srcset=\"https:\/\/www.cchen.cl\/wp-content\/uploads\/2018\/10\/Imagen16.jpg 550w, https:\/\/www.cchen.cl\/wp-content\/uploads\/2018\/10\/Imagen16-300x137.jpg 300w\" sizes=\"auto, (max-width: 552px) 100vw, 552px\" \/><figcaption id=\"caption-attachment-2068\" class=\"wp-caption-text\">Poder de penetraci\u00f3n de las radiaciones ionizantes<\/figcaption><\/figure>\n<p>Adem\u00e1s, los principios b\u00e1sicos de protecci\u00f3n frente a las radiaciones son: <strong>Distancia<\/strong>, <strong>Tiempo<\/strong> y <strong>Blindaje<\/strong>.<\/p>\n<h3><b>La protecci\u00f3n f\u00edsica, radiol\u00f3gica y s\u00edsmica<\/b><\/h3>\n<p>La actividad nuclear en Chile cuenta con estrictas normas\u00a0 y procedimientos de seguridad.<\/p>\n<p>Por ejemplo, la normativa indica\u00a0 que alrededor de los reactores nucleares se establezcan zonas de exclusi\u00f3n. En la primera zona solo se permite que existan trabajadores que laboran en las instalaciones y en la segunda\u00a0 zona que exista\u00a0 baja densidad de poblaci\u00f3n.<\/p>\n<p>Los centros nucleares del pa\u00eds cuentan adem\u00e1s con\u00a0 diversos sistemas de alarmas y controles de acceso.<\/p>\n<p>En cuanto al Monitoreo Radiol\u00f3gico y Vigilancia del Medio Ambiente, estas instalaciones cuentan con equipos que permiten realizar este tipo de controles\u00a0 las 24 horas del d\u00eda (desde 1974).<\/p>\n<p>Los trabajadores que manipulan equipos y fuentes emisoras de radiaciones ionizantes son chequeados de manera permanente mediante controles biol\u00f3gicos y del uso de instrumental de control.<\/p>\n<p>Los edificios que alojan a los reactores nucleares de investigaci\u00f3n del pa\u00eds son de hormig\u00f3n armado y pueden soportar terremotos de 9,0 grados en la escala modificada de Mercalli. Las estructuras que contienen las piscinas de los reactores fue concebido para soportar un terremoto grado 10 en la escala modificada de Mercalli.<\/p>\n","protected":false},"excerpt":{"rendered":"<p>\u00bfY la seguridad? Toda forma de vida en la Tierra est\u00e1 expuesta a radiaciones de diverso tipo y origen, que provienen del medio ambiente. Algunas son de origen natural y otras son artificiales, es decir, generadas por acciones humanas. La protecci\u00f3n frente a las radiaciones Las radiaciones alfa, beta, gamma, rayos X\u00a0 y de neutrones&#8230; <a class=\"read-more\" href=\"https:\/\/www.cchen.cl\/?page_id=1507\">Leer m\u00e1s >><\/a><\/p>\n","protected":false},"author":3,"featured_media":0,"parent":267,"menu_order":0,"comment_status":"closed","ping_status":"closed","template":"educacion-interior.php","meta":{"footnotes":"","_links_to":"","_links_to_target":""},"class_list":["post-1507","page","type-page","status-publish","hentry"],"_links":{"self":[{"href":"https:\/\/www.cchen.cl\/index.php?rest_route=\/wp\/v2\/pages\/1507","targetHints":{"allow":["GET"]}}],"collection":[{"href":"https:\/\/www.cchen.cl\/index.php?rest_route=\/wp\/v2\/pages"}],"about":[{"href":"https:\/\/www.cchen.cl\/index.php?rest_route=\/wp\/v2\/types\/page"}],"author":[{"embeddable":true,"href":"https:\/\/www.cchen.cl\/index.php?rest_route=\/wp\/v2\/users\/3"}],"replies":[{"embeddable":true,"href":"https:\/\/www.cchen.cl\/index.php?rest_route=%2Fwp%2Fv2%2Fcomments&post=1507"}],"version-history":[{"count":8,"href":"https:\/\/www.cchen.cl\/index.php?rest_route=\/wp\/v2\/pages\/1507\/revisions"}],"predecessor-version":[{"id":2070,"href":"https:\/\/www.cchen.cl\/index.php?rest_route=\/wp\/v2\/pages\/1507\/revisions\/2070"}],"up":[{"embeddable":true,"href":"https:\/\/www.cchen.cl\/index.php?rest_route=\/wp\/v2\/pages\/267"}],"wp:attachment":[{"href":"https:\/\/www.cchen.cl\/index.php?rest_route=%2Fwp%2Fv2%2Fmedia&parent=1507"}],"curies":[{"name":"wp","href":"https:\/\/api.w.org\/{rel}","templated":true}]}}