{"id":286,"date":"2018-08-20T14:19:27","date_gmt":"2018-08-20T18:19:27","guid":{"rendered":"http:\/\/nueva.cchen.cl\/?page_id=286"},"modified":"2019-03-15T10:32:46","modified_gmt":"2019-03-15T14:32:46","slug":"argentina","status":"publish","type":"page","link":"https:\/\/www.cchen.cl\/?page_id=286","title":{"rendered":"Argentina"},"content":{"rendered":"<figure id=\"attachment_2405\" aria-describedby=\"caption-attachment-2405\" style=\"width: 300px\" class=\"wp-caption alignright\"><img loading=\"lazy\" decoding=\"async\" class=\"size-full wp-image-2405\" src=\"https:\/\/www.cchen.cl\/wp-content\/uploads\/2018\/12\/argentina-e1552660315715.png\" alt=\"Centrales Nucleares en operaci\u00f3n en Argentina\" width=\"382\" height=\"496\" \/><figcaption id=\"caption-attachment-2405\" class=\"wp-caption-text\">Centrales Nucleares en operaci\u00f3n en Argentina<\/figcaption><\/figure>\n<ul>\n<li>Argentina cuenta con tres reactores nucleares de potencia que generan aproximadamente el 5% de su electricidad. Su primer reactor comercial de energ\u00eda nuclear comenz\u00f3 a funcionar en 1974.<\/li>\n<li>En 2014 se inici\u00f3 la construcci\u00f3n de un peque\u00f1o prototipo de reactor de potencia dise\u00f1ado localmente, denominado CAREM 25.<\/li>\n<li>Entre 2018 y 2020, Argentina iniciar\u00e1 la construcci\u00f3n de dos nuevos reactores <\/li>\n<\/ul>\n<p>El consumo de electricidad en Argentina ha crecido fuertemente desde 1990. Para el 2002, el consumo per c\u00e1pita fue de poco m\u00e1s de 2000 kWh \/ a\u00f1o, lo que significa que aument\u00f3 alrededor de 50% en 2015. <\/p>\n<p>En ese mismo a\u00f1o, la producci\u00f3n de electricidad en Argentina, se distribuy\u00f3 en un 50% a partir de gas natural, 27% hidroel\u00e9ctrica, 15% de petr\u00f3leo, 2% de carb\u00f3n, 5% de nuclear y m\u00e1s un porcentaje menor de importaciones netas.<\/p>\n<p>Respecto de la producci\u00f3n de energ\u00eda a partir de tecnolog\u00eda nuclear, es pertinente indicar que el reactor  Embalse est\u00e1 fuera de l\u00ednea y en proceso de extender su programa de vida.<\/p>\n<p>La producci\u00f3n de electricidad de Argentina, compuesta por gas natural, hidroel\u00e9ctrica, petr\u00f3leo, carb\u00f3n, nuclear, adem\u00e1s de la importaci\u00f3n, est\u00e1 en gran parte privatizada y regulada por el Ente Nacional Regulador de la Electricidad (ENRE). Aun cuando la generaci\u00f3n est\u00e1 diversificada, ha optado por creer en la producci\u00f3n a partir de reactores nucleares de potencia.<\/p>\n","protected":false},"excerpt":{"rendered":"<p>Argentina cuenta con tres reactores nucleares de potencia que generan aproximadamente el 5% de su electricidad. Su primer reactor comercial de energ\u00eda nuclear comenz\u00f3 a funcionar en 1974. En 2014 se inici\u00f3 la construcci\u00f3n de un peque\u00f1o prototipo de reactor de potencia dise\u00f1ado localmente, denominado CAREM 25. Entre 2018 y 2020, Argentina iniciar\u00e1 la construcci\u00f3n&#8230; <a class=\"read-more\" href=\"https:\/\/www.cchen.cl\/?page_id=286\">Leer m\u00e1s >><\/a><\/p>\n","protected":false},"author":3,"featured_media":0,"parent":279,"menu_order":0,"comment_status":"closed","ping_status":"closed","template":"nucleoelectricidad-interior.php","meta":{"footnotes":"","_links_to":"","_links_to_target":""},"class_list":["post-286","page","type-page","status-publish","hentry"],"_links":{"self":[{"href":"https:\/\/www.cchen.cl\/index.php?rest_route=\/wp\/v2\/pages\/286","targetHints":{"allow":["GET"]}}],"collection":[{"href":"https:\/\/www.cchen.cl\/index.php?rest_route=\/wp\/v2\/pages"}],"about":[{"href":"https:\/\/www.cchen.cl\/index.php?rest_route=\/wp\/v2\/types\/page"}],"author":[{"embeddable":true,"href":"https:\/\/www.cchen.cl\/index.php?rest_route=\/wp\/v2\/users\/3"}],"replies":[{"embeddable":true,"href":"https:\/\/www.cchen.cl\/index.php?rest_route=%2Fwp%2Fv2%2Fcomments&post=286"}],"version-history":[{"count":20,"href":"https:\/\/www.cchen.cl\/index.php?rest_route=\/wp\/v2\/pages\/286\/revisions"}],"predecessor-version":[{"id":3871,"href":"https:\/\/www.cchen.cl\/index.php?rest_route=\/wp\/v2\/pages\/286\/revisions\/3871"}],"up":[{"embeddable":true,"href":"https:\/\/www.cchen.cl\/index.php?rest_route=\/wp\/v2\/pages\/279"}],"wp:attachment":[{"href":"https:\/\/www.cchen.cl\/index.php?rest_route=%2Fwp%2Fv2%2Fmedia&parent=286"}],"curies":[{"name":"wp","href":"https:\/\/api.w.org\/{rel}","templated":true}]}}