{"id":2910,"date":"2019-02-07T09:14:24","date_gmt":"2019-02-07T13:14:24","guid":{"rendered":"https:\/\/www.cchen.cl\/?page_id=2910"},"modified":"2019-04-29T17:28:47","modified_gmt":"2019-04-29T21:28:47","slug":"capital-humano","status":"publish","type":"page","link":"https:\/\/www.cchen.cl\/?page_id=2910","title":{"rendered":"Capital Humano"},"content":{"rendered":"<figure id=\"attachment_230\" aria-describedby=\"caption-attachment-230\" style=\"width: 400px\" class=\"wp-caption alignright\"><img decoding=\"async\" class=\"wp-image-230 size-full\" src=\"https:\/\/www.cchen.cl\/wp-content\/uploads\/2019\/04\/capital.jpg\" alt=\"Capital Humano DIAN\" width=\"400\" \/><figcaption id=\"caption-attachment-230\" class=\"wp-caption-text\">Capital Humano DIAN<\/figcaption><\/figure>\n<p>La Divisi\u00f3n de Investigaci\u00f3n y Aplicaciones Nucleares (DIAN) tiene como objetivo orientar e incentivar el desarrollo de actividades cient\u00edfico-tecnol\u00f3gicas, de acuerdo con las pol\u00edticas en materias de gesti\u00f3n estrat\u00e9gica de investigaci\u00f3n, desarrollo e innovaci\u00f3n de la Comisi\u00f3n Chilena de Energ\u00eda Nuclear (<abbr class='c2c-text-hover' title='Comisi\u00f3n Chilena de Energ\u00eda Nuclear.'>CCHEN<\/abbr>), con fines definidos, receptores identificados y actores articulados en redes.<\/p>\n<p>Para el cumplimiento de los objetivos, la Divisi\u00f3n estar\u00e1 constituida por las siguientes funciones:<\/p>\n<ul>\n<li>Generar informaci\u00f3n de apoyo a la toma de decisiones a partir de vigilancia de tecnolog\u00edas, tendencias y escenarios cient\u00edfico-tecnol\u00f3gicos.<\/li>\n<li>Asegurar la adopci\u00f3n y pr\u00e1ctica de un enfoque estrat\u00e9gico en las actividades de investigaci\u00f3n, desarrollo e innovaci\u00f3n, con claros prop\u00f3sitos, receptores identificados y actores en redes.<\/li>\n<li>Promover la transferencia sistem\u00e1tica de las aplicaciones nucleares a la sociedad, en sus diferentes \u00e1reas.<\/li>\n<li>Promover y desarrollar redes para generar interacciones y nuevos espacios de trabajo orientados a la gesti\u00f3n estrat\u00e9gica de la investigaci\u00f3n, desarrollo tecnol\u00f3gico y aplicaciones.<\/li>\n<li>Fomentar la formaci\u00f3n y consolidaci\u00f3n de proyectos de investigaci\u00f3n, desarrollo tecnol\u00f3gico y aplicaciones e innovaci\u00f3n.<\/li>\n<li>Supervisar que las actividades de base cient\u00edfico-tecnol\u00f3gicas sean realizadas seg\u00fan est\u00e1ndares reconocidos por la comunidad cient\u00edfica internacional, cautelando la rigurosidad y sistematicidad de los patrones cient\u00edficos.<\/li>\n<li>Supervisar y controlar la gesti\u00f3n de los procesos administrativos y presupuestarios vinculados al funcionamiento. <\/li>\n<\/ul>\n<p>El capital humano de la DIAN asume funciones necesarias para abordar los procesos de generaci\u00f3n de conocimiento y gesti\u00f3n tecnol\u00f3gica, de acuerdo con los siguientes perfiles:<\/p>\n<h5>Investigador<\/h5>\n<p>Quienes generan conocimiento o tecnolog\u00edas a partir de actividades de alto riesgo cient\u00edfico-tecnol\u00f3gico, alineado a la estrategia institucional vigente. Sus principales funciones son:<\/p>\n<ul>\n<li>Planificar, desarrollar y controlar actividades de I+D.<\/li>\n<li>Participar en actividades de colaboraci\u00f3n, divulgaci\u00f3n y difusi\u00f3n de la investigaci\u00f3n cient\u00edfica.<\/li>\n<\/ul>\n<h5>Desarrollador<\/h5>\n<p>Quienes generan conocimiento o tecnolog\u00edas a partir de actividades de riesgo cient\u00edfico-tecnol\u00f3gico medio y alineado a la estrategia institucional vigente. Sus labores son:<\/p>\n<ul>\n<li>Planificar, desarrollar y controlar actividades de desarrollo tecnol\u00f3gico o colaborar en proyectos de I+D.<\/li>\n<li>Participar en actividades de colaboraci\u00f3n y difusi\u00f3n del desarrollo tecnol\u00f3gico.<\/li>\n<\/ul>\n<h5>Gestor<\/h5>\n<p>Quienes planifican y gestionan el sistema de la I+D+i de la Instituci\u00f3n. Sus funciones son:<\/p>\n<ul>\n<li>Planificar actividades de Vigilancia Tecnol\u00f3gica &#8211; Inteligencia Competitiva \u2013 Prospectiva.<\/li>\n<li>Gestionar portafolios de proyectos de I+D+i.<\/li>\n<li>Planificar y desarrollar actividades de divulgaci\u00f3n cient\u00edfica.<\/li>\n<li>Gestionar activos intelectuales.<\/li>\n<li>Gestionar conocimiento de base cient\u00edfico-tecnol\u00f3gica.<\/li>\n<li>Gestionar auditor\u00edas internas y externas.<\/li>\n<\/ul>\n","protected":false},"excerpt":{"rendered":"<p>La Divisi\u00f3n de Investigaci\u00f3n y Aplicaciones Nucleares (DIAN) tiene como objetivo orientar e incentivar el desarrollo de actividades cient\u00edfico-tecnol\u00f3gicas, de acuerdo con las pol\u00edticas en materias de gesti\u00f3n estrat\u00e9gica de investigaci\u00f3n, desarrollo e innovaci\u00f3n de la Comisi\u00f3n Chilena de Energ\u00eda Nuclear (<abbr class='c2c-text-hover' title='Comisi\u00f3n Chilena de Energ\u00eda Nuclear.'>CCHEN<\/abbr>), con fines definidos, receptores identificados y actores articulados en redes. Para el cumplimiento&#8230; <a class=\"read-more\" href=\"https:\/\/www.cchen.cl\/?page_id=2910\">Leer m\u00e1s >><\/a><\/p>\n","protected":false},"author":3,"featured_media":0,"parent":26,"menu_order":0,"comment_status":"closed","ping_status":"closed","template":"InvDesarrollo-interior.php","meta":{"footnotes":"","_links_to":"","_links_to_target":""},"class_list":["post-2910","page","type-page","status-publish","hentry"],"_links":{"self":[{"href":"https:\/\/www.cchen.cl\/index.php?rest_route=\/wp\/v2\/pages\/2910","targetHints":{"allow":["GET"]}}],"collection":[{"href":"https:\/\/www.cchen.cl\/index.php?rest_route=\/wp\/v2\/pages"}],"about":[{"href":"https:\/\/www.cchen.cl\/index.php?rest_route=\/wp\/v2\/types\/page"}],"author":[{"embeddable":true,"href":"https:\/\/www.cchen.cl\/index.php?rest_route=\/wp\/v2\/users\/3"}],"replies":[{"embeddable":true,"href":"https:\/\/www.cchen.cl\/index.php?rest_route=%2Fwp%2Fv2%2Fcomments&post=2910"}],"version-history":[{"count":4,"href":"https:\/\/www.cchen.cl\/index.php?rest_route=\/wp\/v2\/pages\/2910\/revisions"}],"predecessor-version":[{"id":4358,"href":"https:\/\/www.cchen.cl\/index.php?rest_route=\/wp\/v2\/pages\/2910\/revisions\/4358"}],"up":[{"embeddable":true,"href":"https:\/\/www.cchen.cl\/index.php?rest_route=\/wp\/v2\/pages\/26"}],"wp:attachment":[{"href":"https:\/\/www.cchen.cl\/index.php?rest_route=%2Fwp%2Fv2%2Fmedia&parent=2910"}],"curies":[{"name":"wp","href":"https:\/\/api.w.org\/{rel}","templated":true}]}}