{"id":2971,"date":"2019-02-07T09:46:32","date_gmt":"2019-02-07T13:46:32","guid":{"rendered":"https:\/\/www.cchen.cl\/?page_id=2971"},"modified":"2019-04-09T12:54:24","modified_gmt":"2019-04-09T16:54:24","slug":"reglas-y-procesos","status":"publish","type":"page","link":"https:\/\/www.cchen.cl\/?page_id=2971","title":{"rendered":"Reglas y Procesos"},"content":{"rendered":"<p>Para mejorar la gesti\u00f3n de las actividades de I+D+i de la <abbr class='c2c-text-hover' title='Comisi\u00f3n Chilena de Energ\u00eda Nuclear.'>CCHEN<\/abbr>, alineada con las pol\u00edticas de calidad de la Instituci\u00f3n, se elabor\u00f3 el procedimiento de gesti\u00f3n de proyectos, que regula el flujo de etapas que deben cumplirse para gestionar de manera satisfactoria, y de acuerdo a los requerimientos de auditor\u00eda, las actividades de investigaci\u00f3n. <\/p>\n<p>El sistema de gesti\u00f3n se inicia con la generaci\u00f3n de ideas que, luego de un an\u00e1lisis de pertinencia y capacidades, progresa hacia una propuesta que es gestionada para ser evaluada interna o externamente, tras lo cual surge un proyecto de investigaci\u00f3n o desarrollo a ejecutado.  El sistema de gesti\u00f3n tambi\u00e9n act\u00faa durante la ejecuci\u00f3n del proyecto, y cuando este ha terminado, toma los resultados enfocados en I+D (intangibles muchas veces) para transformarlos en resultados protegidos y valorizados, sujetos de ser transferidos.<\/p>\n<p>La <abbr class='c2c-text-hover' title='Comisi\u00f3n Chilena de Energ\u00eda Nuclear.'>CCHEN<\/abbr> se encuentra en proceso de implementaci\u00f3n de la norma internacional de gesti\u00f3n de la innovaci\u00f3n, Norma UNE 166.002, que permite sistematizar todos los procesos relacionados con la investigaci\u00f3n, desarrollo e innovaci\u00f3n de la Instituci\u00f3n.<\/p>\n<p>El cumplimiento de los requisitos de la norma UNE 166.002 es de gran ayuda en la mejora de la capacidad de las organizaciones para realizar eficazmente actividades de investigaci\u00f3n, desarrollo e innovaci\u00f3n.<\/p>\n","protected":false},"excerpt":{"rendered":"<p>Para mejorar la gesti\u00f3n de las actividades de I+D+i de la <abbr class='c2c-text-hover' title='Comisi\u00f3n Chilena de Energ\u00eda Nuclear.'>CCHEN<\/abbr>, alineada con las pol\u00edticas de calidad de la Instituci\u00f3n, se elabor\u00f3 el procedimiento de gesti\u00f3n de proyectos, que regula el flujo de etapas que deben cumplirse para gestionar de manera satisfactoria, y de acuerdo a los requerimientos de auditor\u00eda, las actividades de investigaci\u00f3n&#8230;. <a class=\"read-more\" href=\"https:\/\/www.cchen.cl\/?page_id=2971\">Leer m\u00e1s >><\/a><\/p>\n","protected":false},"author":3,"featured_media":0,"parent":2961,"menu_order":0,"comment_status":"closed","ping_status":"closed","template":"InvDesarrollo-interior.php","meta":{"footnotes":"","_links_to":"","_links_to_target":""},"class_list":["post-2971","page","type-page","status-publish","hentry"],"_links":{"self":[{"href":"https:\/\/www.cchen.cl\/index.php?rest_route=\/wp\/v2\/pages\/2971","targetHints":{"allow":["GET"]}}],"collection":[{"href":"https:\/\/www.cchen.cl\/index.php?rest_route=\/wp\/v2\/pages"}],"about":[{"href":"https:\/\/www.cchen.cl\/index.php?rest_route=\/wp\/v2\/types\/page"}],"author":[{"embeddable":true,"href":"https:\/\/www.cchen.cl\/index.php?rest_route=\/wp\/v2\/users\/3"}],"replies":[{"embeddable":true,"href":"https:\/\/www.cchen.cl\/index.php?rest_route=%2Fwp%2Fv2%2Fcomments&post=2971"}],"version-history":[{"count":3,"href":"https:\/\/www.cchen.cl\/index.php?rest_route=\/wp\/v2\/pages\/2971\/revisions"}],"predecessor-version":[{"id":4161,"href":"https:\/\/www.cchen.cl\/index.php?rest_route=\/wp\/v2\/pages\/2971\/revisions\/4161"}],"up":[{"embeddable":true,"href":"https:\/\/www.cchen.cl\/index.php?rest_route=\/wp\/v2\/pages\/2961"}],"wp:attachment":[{"href":"https:\/\/www.cchen.cl\/index.php?rest_route=%2Fwp%2Fv2%2Fmedia&parent=2971"}],"curies":[{"name":"wp","href":"https:\/\/api.w.org\/{rel}","templated":true}]}}