{"id":3692,"date":"2019-03-01T14:37:01","date_gmt":"2019-03-01T18:37:01","guid":{"rendered":"https:\/\/www.cchen.cl\/?page_id=3692"},"modified":"2021-04-15T11:59:40","modified_gmt":"2021-04-15T15:59:40","slug":"estudios-cchen-2018","status":"publish","type":"page","link":"https:\/\/www.cchen.cl\/?page_id=3692","title":{"rendered":"Estudios CCHEN"},"content":{"rendered":"<h4>\u201c<b>Informe Energ\u00eda Nuclear de Potencia. Revisi\u00f3n de tem\u00e1ticas relevantes para una discusi\u00f3n<\/b>\u201d (2020)<\/h4>\n<p>En el marco de la Pol\u00edtica Energ\u00e9tica 2050, que mandata a la <abbr class='c2c-text-hover' title='Comisi\u00f3n Chilena de Energ\u00eda Nuclear.'>CCHEN<\/abbr> a realizar estudios en materias relacionadas con energ\u00eda nuclear de potencia, este documento recopila el trabajo realizado en los \u00faltimos cuatro a\u00f1os en la materia. De esta forma, se presentan los temas relevantes a considerar en un programa nuclear, realizando un an\u00e1lisis del estado actual de la energ\u00eda nuclear de potencia a nivel internacional, con una mirada de futuro.<\/p>\n<p>El informe incluye conclusiones y recomendaciones para acciones pr\u00f3ximas, para contribuir a un debate nacional informado sobre la conveniencia de incorporar esta tecnolog\u00eda como parte de las opciones energ\u00e9ticas de largo plazo en el pa\u00eds.<\/p>\n<ul>\n<li><a href=\"https:\/\/www.cchen.cl\/pdf\/estudios\/Informe-Nucleoelectricidad2020.pdf\" target=\"_blank\" rel=\"noreferrer noopener\">Informe final<\/a><\/li>\n<\/ul>\n<hr \/>\n<h4>\u201cPara la identificaci\u00f3n de los posibles efectos e impactos ambientales producidos por la generaci\u00f3n de energ\u00eda nuclear de potencia en Chile\u201d (2018)<\/h4>\n<p>El objetivo de este estudio fue identificar y evaluar los principales efectos e impactos ambientales de la generaci\u00f3n de energ\u00eda nuclear de potencia para cada una de las etapas del ciclo del combustible y c\u00f3mo estos se comparan con los de otras tecnolog\u00edas de generaci\u00f3n. Para ello, se identificaron, definieron y caracterizaron las emisiones y descargas para cada etapa del ciclo del combustible nuclear, de tres tipos de tecnolog\u00edas: reactores de agua pesada, reactores de agua liviana y SMRs (Small Modular Reactor). Posteriormente, se eval\u00faan los posibles efectos e impactos sobre las personas y el medio ambiente, debido a las emisiones y descargas identificadas y se realiza una comparaci\u00f3n con otros tipos de tecnolog\u00edas para la generaci\u00f3n el\u00e9ctrica. Asimismo, se identificaron las medidas t\u00e9cnicas, administrativas y legales que han sido implementadas o exigidas a la industria nuclear, para prevenir o mitigar los posibles efectos e impactos sobre las personas y el medioambiente.<\/p>\n<ul>\n<li><a href=\"https:\/\/www.cchen.cl\/pdf\/estudios\/21399-IIT002-INFORME-1.PDF\" target=\"_blank\" rel=\"noreferrer noopener\">Informe N\u00ba 1<\/a><\/li>\n<li><a href=\"https:\/\/www.cchen.cl\/pdf\/estudios\/21399-IIT003-INFORME-2.PDF\" target=\"_blank\" rel=\"noreferrer noopener\">Informe N\u00ba 2<\/a><\/li>\n<li><a href=\"https:\/\/www.cchen.cl\/pdf\/estudios\/21399-IIT004-INFORME FINAL.PDF\" target=\"_blank\" rel=\"noreferrer noopener\">Informe final<\/a><\/li>\n<\/ul>\n<hr \/>\n<h4>\u201cConsideraciones para el emplazamiento de una Central\u00a0 Nuclear de Potencia (CNP) en Chile\u201d (2018)<\/h4>\n<p>Su objetivo es exponer las principales consideraciones a tener en cuenta para la selecci\u00f3n de lugares de emplazamiento para centrales nucleares de potencia en Chile. El estudio propone una metodolog\u00eda para la selecci\u00f3n de emplazamiento, independiente de la tecnolog\u00eda, y realiza una primera exclusi\u00f3n de zonas. Para ello, se realiza un an\u00e1lisis a nivel regional donde se aplican criterios de exclusi\u00f3n de zonas utilizando antecedentes relacionados a exigencias de seguridad, normativa vigente, gu\u00edas t\u00e9cnicas, as\u00ed como tambi\u00e9n de experiencias internacionales. Tambi\u00e9n se revisan estrategias de desarrollo nacional, instrumentos de planificaci\u00f3n territorial y planes de desarrollo energ\u00e9tico regionales vigentes del pa\u00eds. Adem\u00e1s, se consult\u00f3 a expertos del Centro Sismol\u00f3gico Nacional de la Universidad de Chile, con el fin de contar con su visi\u00f3n para analizar la sismolog\u00eda de Chile en este tipo de proyectos.<\/p>\n<p>En el estudio no se identifican sitios espec\u00edficos para la ubicaci\u00f3n de centrales, ya que su selecci\u00f3n requerir\u00e1 estudios de detalle en zonas limitadas. Asimismo, en el estudio se consideran requerimientos de emplazamiento para reactores nucleares tradicionales, es decir, exigencias conservadoras que no consideran la evoluci\u00f3n en materia de reactores de nueva tecnolog\u00eda, cuyos requisitos de emplazamiento pudiesen ser menos restrictivos.<\/p>\n<ul>\n<li><a href=\"https:\/\/www.cchen.cl\/pdf\/informes2018\/Informe%20Final%20de%20Emplazamiento%20ODENP%202018.pdf\">Informe final<\/a><\/li>\n<li><a href=\"https:\/\/www.cchen.cl\/pdf\/mapa\/Mapas%20de%20Exclusion.pdf\">Mapas de Exclusi\u00f3n<\/a><\/li>\n<\/ul>\n<hr \/>\n<h4>\u201cModelo y estimaci\u00f3n de costos para la implantaci\u00f3n de una central nuclear en Chile\u201d (2017)<\/h4>\n<p>Estudio que aborda\u00a0 las consideraciones m\u00e1s relevantes en materia de seguridad en la implementaci\u00f3n y la operaci\u00f3n de una central nuclear de\u00a0 potencia. Los objetivos principales son describir y analizar el estado del arte de la industria nuclear en t\u00e9rminos de seguridad, evaluando c\u00f3mo ha evolucionado a lo largo de la historia e identificando en base a eso los criterios que permitan comparar tecnolog\u00edas. Adem\u00e1s\u00a0 identificar brechas de la infraestructura de Chile y propuesta de acci\u00f3n en materias de seguridad nuclear frente a los est\u00e1ndares actuales de la industria nuclear internacional.<\/p>\n<p>Descargar:<\/p>\n<ul>\n<li><a href=\"https:\/\/www.cchen.cl\/pdf\/estudios\/Informe%20N%C2%B01.pdf\" target=\"_blank\" rel=\"noopener noreferrer\">Estudio N\u00ba 1<\/a><\/li>\n<li><a href=\"https:\/\/www.cchen.cl\/pdf\/estudios\/Informe%20N%C2%B02.pdf\" target=\"_blank\" rel=\"noopener noreferrer\">Estudio N\u00ba 2<\/a><\/li>\n<li><a href=\"https:\/\/www.cchen.cl\/pdf\/estudios\/Informe%20Final.pdf\" target=\"_blank\" rel=\"noopener noreferrer\">Informe final<\/a><\/li>\n<\/ul>\n<hr \/>\n<h4>\u201cConsideraciones necesarias para la implementaci\u00f3n segura de un programa nuclear de potencia en Chile\u201d (2017)<\/h4>\n<p>Estudio que aborda las consideraciones m\u00e1s relevantes en materia de seguridad en la implementaci\u00f3n y la operaci\u00f3n de una central nuclear de potencia. Los objetivos principales son describir y analizar el estado del arte de la industria nuclear en t\u00e9rminos de seguridad, evaluando c\u00f3mo ha evolucionado a lo largo de la historia e identificando en base a eso los criterios que permitan comparar tecnolog\u00edas. Adem\u00e1s, busca identificar las brechas de la infraestructura de Chile y generar propuestas de acci\u00f3n en materias de seguridad nuclear frente a los est\u00e1ndares actuales de la industria nuclear internacional.<\/p>\n<ul>\n<li><a href=\"https:\/\/www.cchen.cl\/pdf\/estudios\/Informe-N%C2%B01-condiciones.pdf\" target=\"_blank\" rel=\"noopener noreferrer\">Estudio N\u00ba 1<\/a><\/li>\n<li><a href=\"https:\/\/www.cchen.cl\/pdf\/estudios\/Informe-N%C2%B02-condiciones.pdf\" target=\"_blank\" rel=\"noopener noreferrer\">Estudio N\u00ba 2<\/a><\/li>\n<li><a href=\"https:\/\/www.cchen.cl\/pdf\/estudios\/Informe-Final-condiciones.pdf\" target=\"_blank\" rel=\"noopener noreferrer\">Informe final<\/a><\/li>\n<\/ul>\n<hr \/>\n<h4>Estudio de Opini\u00f3n y Estrategia de Comunicaciones (2016)<\/h4>\n<p>Este estudio entrega evidencia de la posici\u00f3n de la \u00e9lite chilena, en 2016, respecto a la energ\u00eda nuclear, la energ\u00eda en general y el medio ambiente. No habiendo estudios previos de la \u00e9lite para saber cu\u00e1l es su posici\u00f3n, siendo este el primer estudio propiamente tal que aborda la tem\u00e1tica en forma directa, se aborda el trabajo a partir de una pregunta impl\u00edcita: \u00bfExiste una opini\u00f3n de la \u201c\u00e9lite\u201d sobre la energ\u00eda nuclear en Chile? El estudio fue realizado por la consultora MORI.<\/p>\n<ul>\n<li><a href=\"https:\/\/www.cchen.cl\/pdf\/NUCLEO\/informeMORI_2016.pdf\" target=\"_blank\" rel=\"noopener noreferrer\">Informe Final (PDF)<\/a><\/li>\n<\/ul>\n<hr \/>\n<h4>Generaci\u00f3n Nucleoel\u00e9ctrica en Chile: Hacia una Decisi\u00f3n Racional (2015)<\/h4>\n<p>Se examina el estado de avance del pa\u00eds y la situaci\u00f3n internacional en materia de nucleoelectricidad, considerando los cambios ocurridos en los \u00faltimos a\u00f1os y las lecciones derivadas de las experiencias de los terremotos de 2010 y 2011, en Chile y Jap\u00f3n respectivamente, indagando hasta qu\u00e9 punto la percepci\u00f3n en la opini\u00f3n p\u00fablica se sustenta en hechos y argumentos objetivos. Se proponen acciones que permitan generar la informaci\u00f3n requerida para que el pa\u00eds est\u00e9 en condiciones de tomar una decisi\u00f3n informada sobre la incorporaci\u00f3n -o no- de generaci\u00f3n n\u00facleo-el\u00e9ctrica (GNE) en la matriz energ\u00e9tica nacional. Adem\u00e1s, se busca determinar en qu\u00e9 medida las conclusiones y recomendaciones de los informes, as\u00ed como lo estudios realizados para su elaboraci\u00f3n, siguen siendo v\u00e1lidos, y qu\u00e9 nuevos estudios ser\u00eda necesario realizar, en vista de los antecedentes surgidos en los \u00faltimos a\u00f1os.<\/p>\n<ul>\n<li><a href=\"https:\/\/www.cchen.cl\/pdf\/NUCLEO\/NucleoCHILE.pdf\" target=\"_blank\" rel=\"noopener noreferrer\">Generaci\u00f3n Nucleoel\u00e9ctrica en Chile<\/a><\/li>\n<\/ul>\n","protected":false},"excerpt":{"rendered":"<p>\u201cInforme Energ\u00eda Nuclear de Potencia. Revisi\u00f3n de tem\u00e1ticas relevantes para una discusi\u00f3n\u201d (2020) En el marco de la Pol\u00edtica Energ\u00e9tica 2050, que mandata a la <abbr class='c2c-text-hover' title='Comisi\u00f3n Chilena de Energ\u00eda Nuclear.'>CCHEN<\/abbr> a realizar estudios en materias relacionadas con energ\u00eda nuclear de potencia, este documento recopila el trabajo realizado en los \u00faltimos cuatro a\u00f1os en la materia. De esta forma, se&#8230; <a class=\"read-more\" href=\"https:\/\/www.cchen.cl\/?page_id=3692\">Leer m\u00e1s >><\/a><\/p>\n","protected":false},"author":3,"featured_media":0,"parent":3681,"menu_order":0,"comment_status":"closed","ping_status":"closed","template":"nucleoelectricidad-interior.php","meta":{"footnotes":"","_links_to":"","_links_to_target":""},"class_list":["post-3692","page","type-page","status-publish","hentry"],"_links":{"self":[{"href":"https:\/\/www.cchen.cl\/index.php?rest_route=\/wp\/v2\/pages\/3692","targetHints":{"allow":["GET"]}}],"collection":[{"href":"https:\/\/www.cchen.cl\/index.php?rest_route=\/wp\/v2\/pages"}],"about":[{"href":"https:\/\/www.cchen.cl\/index.php?rest_route=\/wp\/v2\/types\/page"}],"author":[{"embeddable":true,"href":"https:\/\/www.cchen.cl\/index.php?rest_route=\/wp\/v2\/users\/3"}],"replies":[{"embeddable":true,"href":"https:\/\/www.cchen.cl\/index.php?rest_route=%2Fwp%2Fv2%2Fcomments&post=3692"}],"version-history":[{"count":11,"href":"https:\/\/www.cchen.cl\/index.php?rest_route=\/wp\/v2\/pages\/3692\/revisions"}],"predecessor-version":[{"id":5653,"href":"https:\/\/www.cchen.cl\/index.php?rest_route=\/wp\/v2\/pages\/3692\/revisions\/5653"}],"up":[{"embeddable":true,"href":"https:\/\/www.cchen.cl\/index.php?rest_route=\/wp\/v2\/pages\/3681"}],"wp:attachment":[{"href":"https:\/\/www.cchen.cl\/index.php?rest_route=%2Fwp%2Fv2%2Fmedia&parent=3692"}],"curies":[{"name":"wp","href":"https:\/\/api.w.org\/{rel}","templated":true}]}}