{"id":401,"date":"2018-08-22T09:45:13","date_gmt":"2018-08-22T13:45:13","guid":{"rendered":"http:\/\/nueva.cchen.cl\/?page_id=401"},"modified":"2024-03-07T08:13:20","modified_gmt":"2024-03-07T12:13:20","slug":"capacitaciones","status":"publish","type":"page","link":"https:\/\/www.cchen.cl\/?page_id=401","title":{"rendered":"Capacitaci\u00f3n"},"content":{"rendered":"<p><span style=\"font-weight: 400;\">Desde 2024, la Comisi\u00f3n Chilena de Energ\u00eda Nuclear (<abbr class='c2c-text-hover' title='Comisi\u00f3n Chilena de Energ\u00eda Nuclear.'>CCHEN<\/abbr>) imparte su Curso B\u00e1sico de Protecci\u00f3n Radiol\u00f3gica, <abbr class='c2c-text-hover' title='Curso B\u00e1sico de Elementos de Protecci\u00f3n Radiol\u00f3gica Operacional.'>CUBEPRO<\/abbr>, <\/span><b>exclusivamente<\/b><span style=\"font-weight: 400;\"> a funcionarios y funcionarias de la <abbr class='c2c-text-hover' title='Comisi\u00f3n Chilena de Energ\u00eda Nuclear.'>CCHEN<\/abbr>, concentrando as\u00ed sus capacidades expertas en los exigentes requerimientos que nuestra Instituci\u00f3n se impone en materia de seguridad y protecci\u00f3n.<\/span><\/p>\n<h3><b>Participantes de Cursos de Protecci\u00f3n Radiol\u00f3gica (<abbr class='c2c-text-hover' title='Curso B\u00e1sico de Elementos de Protecci\u00f3n Radiol\u00f3gica Operacional.'>CUBEPRO<\/abbr>) realizados antes de 2024<\/b><\/h3>\n<p><span style=\"font-weight: 400;\">La <abbr class='c2c-text-hover' title='Comisi\u00f3n Chilena de Energ\u00eda Nuclear.'>CCHEN<\/abbr> mantiene la informaci\u00f3n de certificados de las personas participantes en los cursos que imparti\u00f3 en los a\u00f1os anteriores a 2024. Para acceder a este certificado como ex- alumno o ex-alumna, debe comunicarse a la Unidad de Protecci\u00f3n Radiol\u00f3gica Ocupacional (<\/span><a href=\"mailto:maria.yanez@cchen.cl\"><span style=\"font-weight: 400;\">maria.yanez@cchen.cl<\/span><\/a><span style=\"font-weight: 400;\">).<\/span><\/p>\n<p><span style=\"font-weight: 400;\">Otras consultas referidas a este tema, solicitar informaci\u00f3n al correo <\/span><a href=\"mailto:oirs@cchen.cl\"><span style=\"font-weight: 400;\">oirs@cchen.cl<\/span><\/a><span style=\"font-weight: 400;\">.<\/span><\/p>\n","protected":false},"excerpt":{"rendered":"<p>Desde 2024, la Comisi\u00f3n Chilena de Energ\u00eda Nuclear (<abbr class='c2c-text-hover' title='Comisi\u00f3n Chilena de Energ\u00eda Nuclear.'>CCHEN<\/abbr>) imparte su Curso B\u00e1sico de Protecci\u00f3n Radiol\u00f3gica, <abbr class='c2c-text-hover' title='Curso B\u00e1sico de Elementos de Protecci\u00f3n Radiol\u00f3gica Operacional.'>CUBEPRO<\/abbr>, exclusivamente a funcionarios y funcionarias de la <abbr class='c2c-text-hover' title='Comisi\u00f3n Chilena de Energ\u00eda Nuclear.'>CCHEN<\/abbr>, concentrando as\u00ed sus capacidades expertas en los exigentes requerimientos que nuestra Instituci\u00f3n se impone en materia de seguridad y protecci\u00f3n. Participantes de Cursos de Protecci\u00f3n Radiol\u00f3gica (<abbr class='c2c-text-hover' title='Curso B\u00e1sico de Elementos de Protecci\u00f3n Radiol\u00f3gica Operacional.'>CUBEPRO<\/abbr>) realizados antes de&#8230; <a class=\"read-more\" href=\"https:\/\/www.cchen.cl\/?page_id=401\">Leer m\u00e1s >><\/a><\/p>\n","protected":false},"author":3,"featured_media":0,"parent":22,"menu_order":0,"comment_status":"closed","ping_status":"closed","template":"productos-interior.php","meta":{"footnotes":"","_links_to":"","_links_to_target":""},"class_list":["post-401","page","type-page","status-publish","hentry"],"_links":{"self":[{"href":"https:\/\/www.cchen.cl\/index.php?rest_route=\/wp\/v2\/pages\/401","targetHints":{"allow":["GET"]}}],"collection":[{"href":"https:\/\/www.cchen.cl\/index.php?rest_route=\/wp\/v2\/pages"}],"about":[{"href":"https:\/\/www.cchen.cl\/index.php?rest_route=\/wp\/v2\/types\/page"}],"author":[{"embeddable":true,"href":"https:\/\/www.cchen.cl\/index.php?rest_route=\/wp\/v2\/users\/3"}],"replies":[{"embeddable":true,"href":"https:\/\/www.cchen.cl\/index.php?rest_route=%2Fwp%2Fv2%2Fcomments&post=401"}],"version-history":[{"count":25,"href":"https:\/\/www.cchen.cl\/index.php?rest_route=\/wp\/v2\/pages\/401\/revisions"}],"predecessor-version":[{"id":7836,"href":"https:\/\/www.cchen.cl\/index.php?rest_route=\/wp\/v2\/pages\/401\/revisions\/7836"}],"up":[{"embeddable":true,"href":"https:\/\/www.cchen.cl\/index.php?rest_route=\/wp\/v2\/pages\/22"}],"wp:attachment":[{"href":"https:\/\/www.cchen.cl\/index.php?rest_route=%2Fwp%2Fv2%2Fmedia&parent=401"}],"curies":[{"name":"wp","href":"https:\/\/api.w.org\/{rel}","templated":true}]}}