{"id":458,"date":"2018-08-23T07:49:29","date_gmt":"2018-08-23T11:49:29","guid":{"rendered":"http:\/\/nueva.cchen.cl\/?page_id=458"},"modified":"2019-08-28T12:55:26","modified_gmt":"2019-08-28T16:55:26","slug":"ods-6-agua-limpia-y-saneamiento","status":"publish","type":"page","link":"https:\/\/www.cchen.cl\/?page_id=458","title":{"rendered":"ODS 6 &#8211; Agua limpia y saneamiento"},"content":{"rendered":"<p><img loading=\"lazy\" decoding=\"async\" class=\"aligncenter size-full wp-image-950\" src=\"https:\/\/www.cchen.cl\/wp-content\/uploads\/2019\/08\/ods-6.jpg\" alt=\"\" width=\"900\" height=\"141\" \/><\/p>\n<h3>Objetivo 6: Agua limpia y saneamiento<\/h3>\n<p>La escasez de agua afecta a m\u00e1s del 40 por ciento de la poblaci\u00f3n mundial, una cifra alarmante que probablemente crecer\u00e1 con el aumento de las temperaturas globales producto del cambio clim\u00e1tico. Aunque 2.100 millones de personas han conseguido acceso a mejores condiciones de agua y saneamiento desde 1990, la decreciente disponibilidad de agua potable de calidad es un problema importante que aqueja a todos los continentes.<\/p>\n<p>En 2011, 41 pa\u00edses experimentaban estr\u00e9s h\u00eddrico; 10 de ellos estaban a punto de agotar su suministro de agua dulce renovable y ahora dependen de fuentes alternativas. El aumento de las sequ\u00edas y la desertificaci\u00f3n ya est\u00e1 empeorando estas tendencias. Se estima que al menos una de cada cuatro personas se ver\u00e1 afectada por escasez recurrente de agua para 2050.<\/p>\n<blockquote><p>Con el fin de garantizar el acceso universal al agua potable segura y asequible para todos en 2030, es necesario realizar inversiones adecuadas en infraestructura, proporcionar instalaciones sanitarias y fomentar pr\u00e1cticas de higiene en todos los niveles.<\/p>\n<p>Si queremos mitigar la escasez de agua, es fundamental proteger y recuperar los ecosistemas relacionados con este recurso, como los bosques, monta\u00f1as, humedales y r\u00edos. Tambi\u00e9n se requiere m\u00e1s cooperaci\u00f3n internacional para estimular la eficiencia h\u00eddrica y apoyar tecnolog\u00edas de tratamiento en los pa\u00edses en desarrollo.<\/p><\/blockquote>\n<h3><\/h3>\n<h3>\u00bfC\u00f3mo aporta la energ\u00eda nuclear al logro de este objetivo?<\/h3>\n<p>Las t\u00e9cnicas isot\u00f3picas arrojan luz sobre la edad y la calidad del agua. En varios pa\u00edses alrededor del mundo se utilizan estas t\u00e9cnicas como herramientas de soporte para la gesti\u00f3n de los recursos h\u00eddricos, con la finalidad de usarlos de manera sostenible.<\/p>\n<p>Tambi\u00e9n las t\u00e9cnicas nucleares son de utilidad para tratar aguas residuales, resultantes de actividades industriales, lo que permite detectar y reducir los contaminantes y mejorar la calidad del recurso.<\/p>\n","protected":false},"excerpt":{"rendered":"<p>Objetivo 6: Agua limpia y saneamiento La escasez de agua afecta a m\u00e1s del 40 por ciento de la poblaci\u00f3n mundial, una cifra alarmante que probablemente crecer\u00e1 con el aumento de las temperaturas globales producto del cambio clim\u00e1tico. Aunque 2.100 millones de personas han conseguido acceso a mejores condiciones de agua y saneamiento desde 1990,&#8230; <a class=\"read-more\" href=\"https:\/\/www.cchen.cl\/?page_id=458\">Leer m\u00e1s >><\/a><\/p>\n","protected":false},"author":3,"featured_media":0,"parent":0,"menu_order":0,"comment_status":"closed","ping_status":"closed","template":"ODS.php","meta":{"footnotes":"","_links_to":"","_links_to_target":""},"class_list":["post-458","page","type-page","status-publish","hentry"],"_links":{"self":[{"href":"https:\/\/www.cchen.cl\/index.php?rest_route=\/wp\/v2\/pages\/458","targetHints":{"allow":["GET"]}}],"collection":[{"href":"https:\/\/www.cchen.cl\/index.php?rest_route=\/wp\/v2\/pages"}],"about":[{"href":"https:\/\/www.cchen.cl\/index.php?rest_route=\/wp\/v2\/types\/page"}],"author":[{"embeddable":true,"href":"https:\/\/www.cchen.cl\/index.php?rest_route=\/wp\/v2\/users\/3"}],"replies":[{"embeddable":true,"href":"https:\/\/www.cchen.cl\/index.php?rest_route=%2Fwp%2Fv2%2Fcomments&post=458"}],"version-history":[{"count":10,"href":"https:\/\/www.cchen.cl\/index.php?rest_route=\/wp\/v2\/pages\/458\/revisions"}],"predecessor-version":[{"id":4637,"href":"https:\/\/www.cchen.cl\/index.php?rest_route=\/wp\/v2\/pages\/458\/revisions\/4637"}],"wp:attachment":[{"href":"https:\/\/www.cchen.cl\/index.php?rest_route=%2Fwp%2Fv2%2Fmedia&parent=458"}],"curies":[{"name":"wp","href":"https:\/\/api.w.org\/{rel}","templated":true}]}}