{"id":484,"date":"2018-08-23T08:10:58","date_gmt":"2018-08-23T12:10:58","guid":{"rendered":"http:\/\/nueva.cchen.cl\/?page_id=484"},"modified":"2019-11-06T08:53:53","modified_gmt":"2019-11-06T12:53:53","slug":"ods-14","status":"publish","type":"page","link":"https:\/\/www.cchen.cl\/?page_id=484","title":{"rendered":"ODS 14 &#8211; Vida submarina"},"content":{"rendered":"<p><img loading=\"lazy\" decoding=\"async\" class=\"aligncenter size-full wp-image-1052\" src=\"https:\/\/www.cchen.cl\/wp-content\/uploads\/2018\/10\/ods-14.jpg\" alt=\"\" width=\"900\" height=\"141\" srcset=\"https:\/\/www.cchen.cl\/wp-content\/uploads\/2018\/10\/ods-14.jpg 900w, https:\/\/www.cchen.cl\/wp-content\/uploads\/2018\/10\/ods-14-300x47.jpg 300w, https:\/\/www.cchen.cl\/wp-content\/uploads\/2018\/10\/ods-14-768x120.jpg 768w\" sizes=\"auto, (max-width: 900px) 100vw, 900px\" \/><\/p>\n<h3>Objetivo 14: Vida submarina<\/h3>\n<p>Los oc\u00e9anos del mundo, su temperatura, composici\u00f3n qu\u00edmica, corrientes y vida son el motor de los sistemas globales que hacen que la Tierra sea un lugar habitable para los seres humanos. La forma en que gestionamos este recurso vital es fundamental para la humanidad y para contrarrestar los efectos del cambio clim\u00e1tico.<\/p>\n<p>Los medios de vida de m\u00e1s de 3.000 millones de personas dependen de la biodiversidad marina y costera. Sin embargo, el 30 por ciento de las poblaciones de peces del mundo est\u00e1 sobreexplotado, alcanzando un nivel muy por debajo del necesario para producir un rendimiento sostenible.<\/p>\n<p>Los oc\u00e9anos tambi\u00e9n absorben alrededor del 30 por ciento del di\u00f3xido de carb\u00f3n generado por las actividades humanas y se ha registrado un 26 por ciento de aumento en la acidificaci\u00f3n de los mares desde el inicio de la revoluci\u00f3n industrial. La contaminaci\u00f3n marina, que proviene en su mayor parte de fuentes terrestres, ha llegado a niveles alarmantes: por cada kil\u00f3metro cuadrado de oc\u00e9ano hay un promedio de 13.000 trozos de desechos pl\u00e1sticos.<\/p>\n<blockquote><p>Los Objetivos de Desarrollo Sostenible generan un marco para ordenar y proteger de manera sostenible los ecosistemas marinos y costeros de la contaminaci\u00f3n terrestre, as\u00ed como para abordar los impactos de la acidificaci\u00f3n de los oc\u00e9anos. Mejorar la conservaci\u00f3n y el uso sostenible de los recursos oce\u00e1nicos a trav\u00e9s del derecho internacional tambi\u00e9n ayudar\u00e1 a mitigar algunos de los retos que enfrentan los oc\u00e9anos.<\/p><\/blockquote>\n<h3><\/h3>\n<h3>\u00bfC\u00f3mo contribuye la energ\u00eda nuclear a este objetivo?<\/h3>\n<p>Las t\u00e9cnicas nucleares e isot\u00f3picas se han convertido en una herramienta de gran relevancia para investigar y vigilar la salubridad de los oc\u00e9anos y una gran variedad de los fen\u00f3menos marinos, tales como la acidificaci\u00f3n oce\u00e1nica, la floraci\u00f3n de microalgas nocivas y sus manifestaciones, como es el caso de la marea roja en las costas del Pac\u00edfico.<\/p>\n","protected":false},"excerpt":{"rendered":"<p>Objetivo 14: Vida submarina Los oc\u00e9anos del mundo, su temperatura, composici\u00f3n qu\u00edmica, corrientes y vida son el motor de los sistemas globales que hacen que la Tierra sea un lugar habitable para los seres humanos. La forma en que gestionamos este recurso vital es fundamental para la humanidad y para contrarrestar los efectos del cambio&#8230; <a class=\"read-more\" href=\"https:\/\/www.cchen.cl\/?page_id=484\">Leer m\u00e1s >><\/a><\/p>\n","protected":false},"author":3,"featured_media":0,"parent":0,"menu_order":0,"comment_status":"closed","ping_status":"closed","template":"ODS.php","meta":{"footnotes":"","_links_to":"","_links_to_target":""},"class_list":["post-484","page","type-page","status-publish","hentry"],"_links":{"self":[{"href":"https:\/\/www.cchen.cl\/index.php?rest_route=\/wp\/v2\/pages\/484","targetHints":{"allow":["GET"]}}],"collection":[{"href":"https:\/\/www.cchen.cl\/index.php?rest_route=\/wp\/v2\/pages"}],"about":[{"href":"https:\/\/www.cchen.cl\/index.php?rest_route=\/wp\/v2\/types\/page"}],"author":[{"embeddable":true,"href":"https:\/\/www.cchen.cl\/index.php?rest_route=\/wp\/v2\/users\/3"}],"replies":[{"embeddable":true,"href":"https:\/\/www.cchen.cl\/index.php?rest_route=%2Fwp%2Fv2%2Fcomments&post=484"}],"version-history":[{"count":9,"href":"https:\/\/www.cchen.cl\/index.php?rest_route=\/wp\/v2\/pages\/484\/revisions"}],"predecessor-version":[{"id":4742,"href":"https:\/\/www.cchen.cl\/index.php?rest_route=\/wp\/v2\/pages\/484\/revisions\/4742"}],"wp:attachment":[{"href":"https:\/\/www.cchen.cl\/index.php?rest_route=%2Fwp%2Fv2%2Fmedia&parent=484"}],"curies":[{"name":"wp","href":"https:\/\/api.w.org\/{rel}","templated":true}]}}