{"id":4917,"date":"2020-03-17T08:10:33","date_gmt":"2020-03-17T12:10:33","guid":{"rendered":"https:\/\/www.cchen.cl\/?page_id=4917"},"modified":"2022-08-29T09:56:23","modified_gmt":"2022-08-29T13:56:23","slug":"slide-anything-popup-preview","status":"publish","type":"page","link":"https:\/\/www.cchen.cl\/?page_id=4917","title":{"rendered":"Slide Anything Popup Preview"},"content":{"rendered":"<div class='white' style='background:rgba(0,0,0,0); border:solid 0px rgba(0,0,0,0); border-radius:0px; padding:0px 0px 0px 0px;'>\n<div id='slider_92' class='owl-carousel sa_owl_theme autohide-arrows' data-slider-id='slider_92' style='visibility:hidden;'>\n<div id='slider_92_slide09' class='sa_hover_container' style='padding:0% 0%; margin:0px 0%; background-image:url(&quot;https:\/\/www.cchen.cl\/wp-content\/uploads\/2026\/04\/banner_proyectos_nacionales_evaluacion.png&quot;); background-position:left top; background-size:contain; background-repeat:no-repeat; min-height:357px; '><div class='sa_hover_buttons' style='top:50%; left:50%; margin-top:-20px; margin-left:-20px;'><a class='sa_slide_link_icon' href='https:\/\/www.cchen.cl\/?p=8862' target='_self' title='' aria-label=''><\/a><\/div>\n<p><a href=\"https:\/\/www.cchen.cl\/?p=8862\">Nueva convocatoria del OIEA avanza con ciclo de presentaciones y fase de evaluaci\u00f3n<\/a><\/p><\/div>\n<div id='slider_92_slide08' class='sa_hover_container' style='padding:0% 0%; margin:0px 0%; background-image:url(&quot;https:\/\/www.cchen.cl\/wp-content\/uploads\/2026\/03\/firma_marco-programatico.png&quot;); background-position:left top; background-size:contain; background-repeat:no-repeat; min-height:357px; '><div class='sa_hover_buttons' style='top:50%; left:50%; margin-top:-20px; margin-left:-20px;'><a class='sa_slide_link_icon' href='https:\/\/www.cchen.cl\/?p=8853' target='_self' title='' aria-label=''><\/a><\/div>\n<p><a href=\"https:\/\/www.cchen.cl\/?p=8853\">Chile y el OIEA sellan nueva hoja de ruta nuclear para el desarrollo sostenible del pa\u00eds<\/a><\/p><\/div>\n<div id='slider_92_slide07' class='sa_hover_container' style='padding:0% 0%; margin:0px 0%; background-image:url(&quot;https:\/\/www.cchen.cl\/wp-content\/uploads\/2026\/03\/portada_revista.png&quot;); background-position:left top; background-size:contain; background-repeat:no-repeat; min-height:357px; '><div class='sa_hover_buttons' style='top:50%; left:50%; margin-top:-20px; margin-left:-20px;'><a class='sa_slide_link_icon' href='https:\/\/www.cchen.cl\/?p=8850' target='_self' title='' aria-label=''><\/a><\/div>\n<p><a href=\"https:\/\/www.cchen.cl\/?p=8850\">Investigadores de la CCHEN integran equipo internacional que logra hito hist\u00f3rico: doble portada en revista \u2018Polymers\u2019<\/a><\/p><\/div>\n<div id='slider_92_slide06' class='sa_hover_container' style='padding:0% 0%; margin:0px 0%; background-image:url(&quot;https:\/\/www.cchen.cl\/wp-content\/uploads\/2026\/03\/curso_CTNEV_.png&quot;); background-position:left top; background-size:contain; background-repeat:no-repeat; min-height:357px; '><div class='sa_hover_buttons' style='top:50%; left:50%; margin-top:-20px; margin-left:-20px;'><a class='sa_slide_link_icon' href='https:\/\/www.cchen.cl\/?p=8856' target='_self' title='' aria-label=''><\/a><\/div>\n<p><a href=\"https:\/\/www.cchen.cl\/?p=8856\">CCHEN impulsa capacitaci\u00f3n en mejoramiento gen\u00e9tico de plantas ornamentales<\/a><\/p><\/div>\n<div id='slider_92_slide05' class='sa_hover_container' style='padding:0% 0%; margin:0px 0%; background-image:url(&quot;https:\/\/www.cchen.cl\/wp-content\/uploads\/2026\/03\/CMX_2220x714.png&quot;); background-position:left top; background-size:contain; background-repeat:no-repeat; min-height:357px; '><div class='sa_hover_buttons' style='top:50%; left:50%; margin-top:-20px; margin-left:-20px;'><a class='sa_slide_link_icon' href='https:\/\/www.cchen.cl\/?p=8847' target='_self' title='' aria-label=''><\/a><\/div>\n<p><a href=\"https:\/\/www.cchen.cl\/?p=8847\">Por primera vez, Chile participa en ejercicio internacional de for\u00e9nsica nuclear CMX-8<\/a><\/p><\/div>\n<div id='slider_92_slide04' class='sa_hover_container' style='padding:0% 0%; margin:0px 0%; background-image:url(&quot;https:\/\/www.cchen.cl\/wp-content\/uploads\/2026\/03\/Mision_IMPACT.jpg&quot;); background-position:left top; background-size:contain; background-repeat:no-repeat; min-height:357px; '><div class='sa_hover_buttons' style='top:50%; left:50%; margin-top:-20px; margin-left:-20px;'><a class='sa_slide_link_icon' href='https:\/\/www.cchen.cl\/?p=8843' target='_self' title='' aria-label=''><\/a><\/div>\n<p><a href=\"https:\/\/www.cchen.cl\/?p=8843\">Informe imPACT reafirma liderazgo de Chile en el control del c\u00e1ncer<\/a><\/p><\/div>\n<div id='slider_92_slide03' class='sa_hover_container' style='padding:0% 0%; margin:0px 0%; background-image:url(&quot;https:\/\/www.cchen.cl\/wp-content\/uploads\/2026\/02\/grupal_visita_.png&quot;); background-position:left top; background-size:contain; background-repeat:no-repeat; min-height:357px; '><div class='sa_hover_buttons' style='top:50%; left:50%; margin-top:-20px; margin-left:-20px;'><a class='sa_slide_link_icon' href='https:\/\/www.cchen.cl\/?p=8835' target='_self' title='' aria-label=''><\/a><\/div>\n<p><a href=\"https:\/\/www.cchen.cl\/?p=8835\">CCHEN present\u00f3 avances cient\u00edficos en temas de litio durante visita de Subsecretaria de Miner\u00eda<\/a><\/p><\/div>\n<div id='slider_92_slide02' class='sa_hover_container' style='padding:0% 0%; margin:0px 0%; background-image:url(&quot;https:\/\/www.cchen.cl\/wp-content\/uploads\/2026\/02\/visitas_apicolas.png&quot;); background-position:left top; background-size:contain; background-repeat:no-repeat; min-height:357px; '><div class='sa_hover_buttons' style='top:50%; left:50%; margin-top:-20px; margin-left:-20px;'><a class='sa_slide_link_icon' href='https:\/\/www.cchen.cl\/?p=8828' target='_self' title='' aria-label=''><\/a><\/div>\n<p><a href=\"https:\/\/www.cchen.cl\/?p=8828\">Ciencia nuclear al servicio de la miel chilena: CCHEN fortalece la trazabilidad y combate el fraude alimentario<\/a><\/p><\/div>\n<div id='slider_92_slide01' class='sa_hover_container' style='padding:0% 0%; margin:0px 0%; background-image:url(&quot;https:\/\/www.cchen.cl\/wp-content\/uploads\/2026\/02\/END_Lirquen_2.png&quot;); background-position:left top; background-size:contain; background-repeat:no-repeat; min-height:357px; '><div class='sa_hover_buttons' style='top:50%; left:50%; margin-top:-20px; margin-left:-20px;'><a class='sa_slide_link_icon' href='https:\/\/www.cchen.cl\/?p=8825' target='_self' title='' aria-label=''><\/a><\/div>\n<p><a href=\"https:\/\/www.cchen.cl\/?p=8825\">Tras incendios forestales: Cooperaci\u00f3n interinstitucional impulsa reconstrucci\u00f3n segura en Lirqu\u00e9n<\/a><\/p><\/div>\n<\/div>\n<\/div>\n<script type='text\/javascript'>\n\tjQuery(document).ready(function() {\n\t\tjQuery('#slider_92').owlCarousel({\n\t\t\titems : 1,\n\t\t\tsmartSpeed : 3000,\n\t\t\tautoplay : true,\n\t\t\tautoplayTimeout : 8000,\n\t\t\tautoplayHoverPause : true,\n\t\t\tsmartSpeed : 3000,\n\t\t\tfluidSpeed : 3000,\n\t\t\tautoplaySpeed : 3000,\n\t\t\tnavSpeed : 3000,\n\t\t\tdotsSpeed : 3000,\n\t\t\tloop : true,\n\t\t\tnav : true,\n\t\t\tnavText : ['Previous','Next'],\n\t\t\tdots : false,\n\t\t\tresponsiveRefreshRate : 200,\n\t\t\tslideBy : 12,\n\t\t\tmergeFit : true,\n\t\t\tautoHeight : false,\n\t\t\tmouseDrag : true,\n\t\t\ttouchDrag : true\n\t\t});\n\t\tjQuery('#slider_92').css('visibility', 'visible');\n\t\tvar owl_goto = jQuery('#slider_92');\n\t\tjQuery('.slider_92_goto1').click(function(event){\n\t\t\towl_goto.trigger('to.owl.carousel', 0);\n\t\t});\n\t\tjQuery('.slider_92_goto2').click(function(event){\n\t\t\towl_goto.trigger('to.owl.carousel', 1);\n\t\t});\n\t\tjQuery('.slider_92_goto3').click(function(event){\n\t\t\towl_goto.trigger('to.owl.carousel', 2);\n\t\t});\n\t\tjQuery('.slider_92_goto4').click(function(event){\n\t\t\towl_goto.trigger('to.owl.carousel', 3);\n\t\t});\n\t\tjQuery('.slider_92_goto5').click(function(event){\n\t\t\towl_goto.trigger('to.owl.carousel', 4);\n\t\t});\n\t\tjQuery('.slider_92_goto6').click(function(event){\n\t\t\towl_goto.trigger('to.owl.carousel', 5);\n\t\t});\n\t\tjQuery('.slider_92_goto7').click(function(event){\n\t\t\towl_goto.trigger('to.owl.carousel', 6);\n\t\t});\n\t\tjQuery('.slider_92_goto8').click(function(event){\n\t\t\towl_goto.trigger('to.owl.carousel', 7);\n\t\t});\n\t\tjQuery('.slider_92_goto9').click(function(event){\n\t\t\towl_goto.trigger('to.owl.carousel', 8);\n\t\t});\n\t\tvar resize_92 = jQuery('.owl-carousel');\n\t\tresize_92.on('initialized.owl.carousel', function(e) {\n\t\t\tif (typeof(Event) === 'function') {\n\t\t\t\twindow.dispatchEvent(new Event('resize'));\n\t\t\t} else {\n\t\t\t\tvar evt = window.document.createEvent('UIEvents');\n\t\t\t\tevt.initUIEvent('resize', true, false, window, 0);\n\t\t\t\twindow.dispatchEvent(evt);\n\t\t\t}\n\t\t});\n\t});\n<\/script>\n\n","protected":false},"excerpt":{"rendered":"","protected":false},"author":3,"featured_media":0,"parent":0,"menu_order":9999,"comment_status":"closed","ping_status":"closed","template":"","meta":{"footnotes":"","_links_to":"","_links_to_target":""},"class_list":["post-4917","page","type-page","status-publish","hentry"],"_links":{"self":[{"href":"https:\/\/www.cchen.cl\/index.php?rest_route=\/wp\/v2\/pages\/4917","targetHints":{"allow":["GET"]}}],"collection":[{"href":"https:\/\/www.cchen.cl\/index.php?rest_route=\/wp\/v2\/pages"}],"about":[{"href":"https:\/\/www.cchen.cl\/index.php?rest_route=\/wp\/v2\/types\/page"}],"author":[{"embeddable":true,"href":"https:\/\/www.cchen.cl\/index.php?rest_route=\/wp\/v2\/users\/3"}],"replies":[{"embeddable":true,"href":"https:\/\/www.cchen.cl\/index.php?rest_route=%2Fwp%2Fv2%2Fcomments&post=4917"}],"version-history":[{"count":170,"href":"https:\/\/www.cchen.cl\/index.php?rest_route=\/wp\/v2\/pages\/4917\/revisions"}],"predecessor-version":[{"id":6866,"href":"https:\/\/www.cchen.cl\/index.php?rest_route=\/wp\/v2\/pages\/4917\/revisions\/6866"}],"wp:attachment":[{"href":"https:\/\/www.cchen.cl\/index.php?rest_route=%2Fwp%2Fv2%2Fmedia&parent=4917"}],"curies":[{"name":"wp","href":"https:\/\/api.w.org\/{rel}","templated":true}]}}