{"id":5407,"date":"2020-09-22T09:39:34","date_gmt":"2020-09-22T13:39:34","guid":{"rendered":"http:\/\/www.cchen.cl\/?page_id=5407"},"modified":"2024-03-15T09:51:49","modified_gmt":"2024-03-15T13:51:49","slug":"nombramiento-de-inspectores","status":"publish","type":"page","link":"https:\/\/www.cchen.cl\/?page_id=5407","title":{"rendered":"Nombramiento de Inspectores e Inspectoras"},"content":{"rendered":"<table class=\"table table-light table-hover\">\n<thead>\n<tr>\n<th>Nombramientos de Inspectores 2024<\/th>\n<\/tr>\n<\/thead>\n<tbody>\n<tr>\n<td><a href=\"https:\/\/www.cchen.cl\/pdf\/dsnr_inspectores\/REX_DISNR_020-2024.pdf\" target=\"_blank\" rel=\"noopener noreferrer\">REX_DISNR_020-2024 Alejandro Fuentes B. <\/a><\/td>\n<\/tr>\n<tr>\n<td><a href=\"https:\/\/www.cchen.cl\/pdf\/dsnr_inspectores\/REX_DISNR_017-2024.pdf\" target=\"_blank\" rel=\"noopener noreferrer\">REX_DISNR_017-2024 Jessica Ribbeck Neale <\/a><\/td>\n<\/tr>\n<tr>\n<td><a href=\"https:\/\/www.cchen.cl\/pdf\/dsnr_inspectores\/REX_DISNR_005-2024.pdf\" target=\"_blank\" rel=\"noopener noreferrer\">REX_DISNR_005-2024 Rosario Bustos S. (Deja sin Efecto) <\/a><\/td>\n<\/tr>\n<tr>\n<td><a href=\"https:\/\/www.cchen.cl\/pdf\/dsnr_inspectores\/REX_DISNR_004-2024.pdf\" target=\"_blank\" rel=\"noopener noreferrer\">REX_DISNR_004-2024 Hugo Contreras A. (Deja sin Efecto) <\/a><\/td>\n<\/tr>\n<\/tbody>\n<\/table>\n<table class=\"table table-light table-hover\">\n<thead>\n<tr>\n<th>Nombramientos de Inspectores 2022<\/th>\n<\/tr>\n<\/thead>\n<tbody>\n<tr>\n<td><a href=\"https:\/\/www.cchen.cl\/pdf\/dsnr_inspectores\/REX_DISNR_054-2022.pdf\" target=\"_blank\" rel=\"noopener noreferrer\">REX_DISNR_054-2022 Rosario Bustos Silva <\/a><\/td>\n<\/tr>\n<\/tbody>\n<\/table>\n<table class=\"table table-light table-hover\">\n<thead>\n<tr>\n<th>Nombramientos de Inspectores 2021<\/th>\n<\/tr>\n<\/thead>\n<tbody>\n<tr>\n<td><a href=\"https:\/\/www.cchen.cl\/pdf\/dsnr_inspectores\/REX_DISNR_006-2021.pdf\" target=\"_blank\" rel=\"noopener noreferrer\">REX_DISNR_006-2021 Hugo Briso Concha <\/a><\/td>\n<\/tr>\n<tr>\n<td><a href=\"https:\/\/www.cchen.cl\/pdf\/dsnr_inspectores\/REX_DISNR_054-2021.pdf\" target=\"_blank\" rel=\"noopener noreferrer\">REX_DISNR_054-2021 Clarence Cort\u00e9s Mar\u00edn <\/a><\/td>\n<\/tr>\n<\/tbody>\n<\/table>\n<p><a href=\"http:\/\/www.cchen.cl\/wp-content\/uploads\/2022\/01\/REX-DISNR-N\u00b0-102-2021-DEJA-SIN-EFECTO-NOMBRAMIENTOS-DE-INSPECTOR-PERMANENTE-1.pdf\"><abbr class='c2c-text-hover' title='Resoluci\u00f3n Exenta de la Divisi\u00f3n de Seguridad Nuclear y Radiol\u00f3gica.'>REX DISNR<\/abbr> 102-2021 Deja sin efecto nombramientos de inspector permanente que se indican<\/a>.<\/p>\n<table class=\"table table-light table-hover\">\n<thead>\n<tr>\n<th>Nombramientos de Inspectores 2020<\/th>\n<\/tr>\n<\/thead>\n<tbody>\n<tr>\n<td><a href=\"https:\/\/www.cchen.cl\/pdf\/dsnr_inspectores\/REX_DISNR_052-2020.pdf\" target=\"_blank\" rel=\"noopener noreferrer\">REX_DISNR_052-2020 Carolina Alejandra Torres Mu\u00f1oz<\/a><\/td>\n<\/tr>\n<tr>\n<td><a href=\"https:\/\/www.cchen.cl\/pdf\/dsnr_inspectores\/REX_DISNR_053-2020.pdf\" target=\"_blank\" rel=\"noopener noreferrer\">REX_DISNR_053-2020 Isabel Margarita Casas Morales<\/a><\/td>\n<\/tr>\n<tr>\n<td><a href=\"https:\/\/www.cchen.cl\/pdf\/dsnr_inspectores\/REX_DISNR_054-2020.pdf\" target=\"_blank\" rel=\"noopener noreferrer\">REX_DISNR_054-2020 Hugo Alberto Contreras Arriagada<\/a><\/td>\n<\/tr>\n<tr>\n<td><a href=\"https:\/\/www.cchen.cl\/pdf\/dsnr_inspectores\/REX_DISNR_055-2020.pdf\" target=\"_blank\" rel=\"noopener noreferrer\">REX_DISNR_055-2020 Eugenio Carlos Finshi Pinochet<\/a><\/td>\n<\/tr>\n<tr>\n<td><a href=\"https:\/\/www.cchen.cl\/pdf\/dsnr_inspectores\/REX_DISNR_056-2020.pdf\" target=\"_blank\" rel=\"noopener noreferrer\">REX_DISNR_056-2020 Patricio Andr\u00e9s Fonseca Fonseca<\/a><\/td>\n<\/tr>\n<tr>\n<td><a href=\"https:\/\/www.cchen.cl\/pdf\/dsnr_inspectores\/REX_DISNR_057-2020.pdf\" target=\"_blank\" rel=\"noopener noreferrer\">REX_DISNR_057-2020 Lorena Andrea Mariangel Quiroz<\/a><\/td>\n<\/tr>\n<tr>\n<td><a href=\"https:\/\/www.cchen.cl\/pdf\/dsnr_inspectores\/REX_DISNR_058-2020.pdf\" target=\"_blank\" rel=\"noopener noreferrer\">REX_DISNR_058-2020 Marcela Alejandra Ort\u00edz Rodr\u00edguez<\/a><\/td>\n<\/tr>\n<tr>\n<td><a href=\"https:\/\/www.cchen.cl\/pdf\/dsnr_inspectores\/REX_DISNR_059-2020.pdf\" target=\"_blank\" rel=\"noopener noreferrer\">REX_DISNR_059-2020 Mon\u00edca Roxana Pastor Parra<\/a><\/td>\n<\/tr>\n<tr>\n<td><a href=\"https:\/\/www.cchen.cl\/pdf\/dsnr_inspectores\/REX_DISNR_060-2020.pdf\" target=\"_blank\" rel=\"noopener noreferrer\">REX_DISNR_060-2020 Crist\u00edan Pedro Sep\u00falveda Sosa<\/a><\/td>\n<\/tr>\n<tr>\n<td><a href=\"https:\/\/www.cchen.cl\/pdf\/dsnr_inspectores\/REX_DISNR_061-2020.pdf\" target=\"_blank\" rel=\"noopener noreferrer\">REX_DISNR_061-2020 Carlos Ra\u00fal Guti\u00e9rrez Ulloa<\/a><\/td>\n<\/tr>\n<tr>\n<td><a href=\"https:\/\/www.cchen.cl\/pdf\/dsnr_inspectores\/REX_DISNR_062-2020.pdf\" target=\"_blank\" rel=\"noopener noreferrer\">REX_DISNR_062-2020 Miguel \u00c1ngel Aravena Gonz\u00e1lez<\/a><\/td>\n<\/tr>\n<tr>\n<td><a href=\"https:\/\/www.cchen.cl\/pdf\/dsnr_inspectores\/REX_DISNR_063-2020.pdf\" target=\"_blank\" rel=\"noopener noreferrer\">REX_DISNR_063-2020 Aylinne del Pilar Rom\u00e1n Urbina <\/a><\/td>\n<\/tr>\n<tr>\n<td><a href=\"https:\/\/www.cchen.cl\/pdf\/dsnr_inspectores\/REX_DISNR_064-2020.pdf\" target=\"_blank\" rel=\"noopener noreferrer\">REX_DISNR_064-2020 Ciro Fabi\u00e1n C\u00e1rdenas Eyzaguirre <\/a><\/td>\n<\/tr>\n<tr>\n<td><a href=\"https:\/\/www.cchen.cl\/pdf\/dsnr_inspectores\/REX_DISNR_065-2020.pdf\" target=\"_blank\" rel=\"noopener noreferrer\">REX_DISNR_065-2020 Fernando Antonio Vega Riquelme <\/a><\/td>\n<\/tr>\n<tr>\n<td><a href=\"https:\/\/www.cchen.cl\/pdf\/dsnr_inspectores\/REX_DISNR_066-2020.pdf\" target=\"_blank\" rel=\"noopener noreferrer\">REX_DISNR_066-2020 Norman Guillermo Araya Bustos<\/a><\/td>\n<\/tr>\n<tr>\n<td><a href=\"https:\/\/www.cchen.cl\/pdf\/dsnr_inspectores\/REX_DISNR_067-2020.pdf\" target=\"_blank\" rel=\"noopener noreferrer\">REX_DISNR_067-2020 Pablo Alejandro Pi\u00f1a Orellana<\/a><\/td>\n<\/tr>\n<tr>\n<td><a href=\"https:\/\/www.cchen.cl\/pdf\/dsnr_inspectores\/REX_DISNR_068-2020.pdf\" target=\"_blank\" rel=\"noopener noreferrer\">REX_DISNR_068-2020 V\u00edctor F\u00e9lix Bloch Torrellas Echeverr\u00eda<\/a><\/td>\n<\/tr>\n<tr>\n<td><a href=\"https:\/\/www.cchen.cl\/pdf\/dsnr_inspectores\/REX_DISNR_075-2020.pdf\" target=\"_blank\" rel=\"noopener noreferrer\">REX_DISNR_075-2020 Jaime Salas Kurte<\/a><\/td>\n<\/tr>\n<tr>\n<td><a href=\"https:\/\/www.cchen.cl\/pdf\/dsnr_inspectores\/REX_DISNR_076-2020.pdf\" target=\"_blank\" rel=\"noopener noreferrer\">REX_DISNR_076-2020 Alejandro Fuentes Brice\u00f1o<\/a><\/td>\n<\/tr>\n<tr>\n<td><a href=\"https:\/\/www.cchen.cl\/pdf\/dsnr_inspectores\/REX_DISNR_077-2020.pdf\" target=\"_blank\" rel=\"noopener noreferrer\">REX_DISNR_077-2020 Walter Vel\u00e1squez Espina<\/a><\/td>\n<\/tr>\n<tr>\n<td><a href=\"https:\/\/www.cchen.cl\/pdf\/dsnr_inspectores\/REX_DISNR_078-2020.pdf\" target=\"_blank\" rel=\"noopener noreferrer\">REX_DISNR_078-2020 Ulises Padilla Silva<\/a><\/td>\n<\/tr>\n<tr>\n<td><a href=\"https:\/\/www.cchen.cl\/pdf\/dsnr_inspectores\/REX_DISNR_079-2020.pdf\" target=\"_blank\" rel=\"noopener noreferrer\">REX_DISNR_079-2020 Mar\u00eda Y\u00e1\u00f1ez Aguilera<\/a><\/td>\n<\/tr>\n<\/tbody>\n<\/table>\n","protected":false},"excerpt":{"rendered":"<p>Nombramientos de Inspectores 2024 REX_DISNR_020-2024 Alejandro Fuentes B. REX_DISNR_017-2024 Jessica Ribbeck Neale REX_DISNR_005-2024 Rosario Bustos S. (Deja sin Efecto) REX_DISNR_004-2024 Hugo Contreras A. (Deja sin Efecto) Nombramientos de Inspectores 2022 REX_DISNR_054-2022 Rosario Bustos Silva Nombramientos de Inspectores 2021 REX_DISNR_006-2021 Hugo Briso Concha REX_DISNR_054-2021 Clarence Cort\u00e9s Mar\u00edn <abbr class='c2c-text-hover' title='Resoluci\u00f3n Exenta de la Divisi\u00f3n de Seguridad Nuclear y Radiol\u00f3gica.'>REX DISNR<\/abbr> 102-2021 Deja sin efecto nombramientos de inspector&#8230; <a class=\"read-more\" href=\"https:\/\/www.cchen.cl\/?page_id=5407\">Leer m\u00e1s >><\/a><\/p>\n","protected":false},"author":3,"featured_media":0,"parent":24,"menu_order":0,"comment_status":"closed","ping_status":"closed","template":"seguridad-interior.php","meta":{"footnotes":"","_links_to":"","_links_to_target":""},"class_list":["post-5407","page","type-page","status-publish","hentry"],"_links":{"self":[{"href":"https:\/\/www.cchen.cl\/index.php?rest_route=\/wp\/v2\/pages\/5407","targetHints":{"allow":["GET"]}}],"collection":[{"href":"https:\/\/www.cchen.cl\/index.php?rest_route=\/wp\/v2\/pages"}],"about":[{"href":"https:\/\/www.cchen.cl\/index.php?rest_route=\/wp\/v2\/types\/page"}],"author":[{"embeddable":true,"href":"https:\/\/www.cchen.cl\/index.php?rest_route=\/wp\/v2\/users\/3"}],"replies":[{"embeddable":true,"href":"https:\/\/www.cchen.cl\/index.php?rest_route=%2Fwp%2Fv2%2Fcomments&post=5407"}],"version-history":[{"count":17,"href":"https:\/\/www.cchen.cl\/index.php?rest_route=\/wp\/v2\/pages\/5407\/revisions"}],"predecessor-version":[{"id":7857,"href":"https:\/\/www.cchen.cl\/index.php?rest_route=\/wp\/v2\/pages\/5407\/revisions\/7857"}],"up":[{"embeddable":true,"href":"https:\/\/www.cchen.cl\/index.php?rest_route=\/wp\/v2\/pages\/24"}],"wp:attachment":[{"href":"https:\/\/www.cchen.cl\/index.php?rest_route=%2Fwp%2Fv2%2Fmedia&parent=5407"}],"curies":[{"name":"wp","href":"https:\/\/api.w.org\/{rel}","templated":true}]}}