{"id":5805,"date":"2021-08-19T14:47:14","date_gmt":"2021-08-19T18:47:14","guid":{"rendered":"https:\/\/www.cchen.cl\/?page_id=5805"},"modified":"2022-08-19T11:24:01","modified_gmt":"2022-08-19T15:24:01","slug":"acuerdos-de-consejo-2020","status":"publish","type":"page","link":"https:\/\/www.cchen.cl\/?page_id=5805","title":{"rendered":"Acuerdos de Consejo 2020"},"content":{"rendered":"<table class=\"table\">\n<tr>\n<td>\n<p><a href=\"https:\/\/www.cchen.cl\/pdf\/acuerdos_consejo\/Acuerdo_2395.pdf\" target=\"_blank\" rel=\"noopener\">Acuerdo 2395 Modifica Delegaci\u00f3n de Facultades 2020<\/a><\/p>\n<p><a href=\"https:\/\/www.cchen.cl\/pdf\/acuerdos_consejo\/Acuerdo_2394.pdf\" target=\"_blank\" rel=\"noopener\">Acuerdo 2394 Modernizaci\u00f3n y nivelaci\u00f3n 2021<\/a><\/p>\n<p><a href=\"https:\/\/www.cchen.cl\/pdf\/acuerdos_consejo\/Acuerdo_2393.pdf\" target=\"_blank\" rel=\"noopener\">Acuerdo 2393 Bonificaci\u00f3n Compensatoria 2021<\/a><\/p>\n<p><a href=\"https:\/\/www.cchen.cl\/pdf\/acuerdos_consejo\/Acuerdo_2392.pdf\" target=\"_blank\" rel=\"noopener\">Acuerdo 2392 Faculta a DE a autorizar subarriendo de Uranio 1-70<\/a><\/p>\n<p><a href=\"https:\/\/www.cchen.cl\/pdf\/acuerdos_consejo\/Acuerdo_2390.pdf\" target=\"_blank\" rel=\"noopener\">Acuerdo 2390 Aprueba Formaci\u00f3n de Comit\u00e9s de Consejeros<\/a><\/p>\n<p><a href=\"https:\/\/www.cchen.cl\/pdf\/acuerdos_consejo\/Acuerdo_2389.pdf\" target=\"_blank\" rel=\"noopener\">Acuerdo 2389 Funcionamiento Remoto &#8211; COVID<\/a><\/p>\n<p><a href=\"https:\/\/www.cchen.cl\/pdf\/acuerdos_consejo\/Acuerdo_2388.pdf\" target=\"_blank\" rel=\"noopener\">Acuerdo 2388 Resuelve Reclamaci\u00f3n Amaury Flores<\/a><\/p>\n<p><a href=\"https:\/\/www.cchen.cl\/pdf\/acuerdos_consejo\/Acuerdo_2387.pdf\" target=\"_blank\" rel=\"noopener\">Acuerdo 2387 Resuelve Reclamaci\u00f3n PUC &amp; Aguirre y Vicentini<\/a><\/p>\n<p><a href=\"https:\/\/www.cchen.cl\/pdf\/acuerdos_consejo\/Acuerdo_2386.pdf\" target=\"_blank\" rel=\"noopener\">Acuerdo 2386 Bonificaci\u00f3n Compensatoria y Nivelaci\u00f3n 2020<\/a><\/p>\n<p><a href=\"https:\/\/www.cchen.cl\/pdf\/acuerdos_consejo\/Acuerdo_2385.pdf\" target=\"_blank\" rel=\"noopener\">Acuerdo 2385 Tarifario <abbr class='c2c-text-hover' title='Comisi\u00f3n Chilena de Energ\u00eda Nuclear.'>CCHEN<\/abbr> 2020<\/a><\/p>\n<p><a href=\"https:\/\/www.cchen.cl\/pdf\/acuerdos_consejo\/Acuerdo_2384.pdf\" target=\"_blank\" rel=\"noopener\">Acuerdo 2384 Delega Facultades DE para compra de Cobalto<\/a><\/p>\n<p><a href=\"https:\/\/www.cchen.cl\/pdf\/acuerdos_consejo\/Acuerdo_2381-A.pdf\" target=\"_blank\" rel=\"noopener\">Acuerdo 2381-A Comisiones de Servicio<\/a><\/p>\n<p><a href=\"https:\/\/www.cchen.cl\/pdf\/acuerdos_consejo\/Acuerdo_2379.pdf\" target=\"_blank\" rel=\"noopener\">Acuerdo 2379 Cometidos de Servicio<\/a><\/p>\n<p><a href=\"https:\/\/www.cchen.cl\/pdf\/acuerdos_consejo\/Acuerdo_2378.pdf\" target=\"_blank\" rel=\"noopener\">Acuerdo 2378 Delega Fac. DE suscribir contrato Servicio de Aseo<\/a><\/p>\n<p><a href=\"https:\/\/www.cchen.cl\/pdf\/acuerdos_consejo\/Acuerdo_2377.pdf\" target=\"_blank\" rel=\"noopener\">Acuerdo 2377 D Acuerdo Consejo Sentencia PUC<\/a><\/p>\n<p><a href=\"https:\/\/www.cchen.cl\/pdf\/acuerdos_consejo\/Acuerdo_2376.pdf\" target=\"_blank\" rel=\"noopener\">Acuerdo 2376 Cometidos de Servicio<\/a><\/p>\n<\/td>\n<\/tr>\n<\/table>\n","protected":false},"excerpt":{"rendered":"<p>Acuerdo 2395 Modifica Delegaci\u00f3n de Facultades 2020 Acuerdo 2394 Modernizaci\u00f3n y nivelaci\u00f3n 2021 Acuerdo 2393 Bonificaci\u00f3n Compensatoria 2021 Acuerdo 2392 Faculta a DE a autorizar subarriendo de Uranio 1-70 Acuerdo 2390 Aprueba Formaci\u00f3n de Comit\u00e9s de Consejeros Acuerdo 2389 Funcionamiento Remoto &#8211; COVID Acuerdo 2388 Resuelve Reclamaci\u00f3n Amaury Flores Acuerdo 2387 Resuelve Reclamaci\u00f3n PUC &amp;&#8230; <a class=\"read-more\" href=\"https:\/\/www.cchen.cl\/?page_id=5805\">Leer m\u00e1s >><\/a><\/p>\n","protected":false},"author":3,"featured_media":0,"parent":131,"menu_order":0,"comment_status":"closed","ping_status":"closed","template":"","meta":{"footnotes":"","_links_to":"","_links_to_target":""},"class_list":["post-5805","page","type-page","status-publish","hentry"],"_links":{"self":[{"href":"https:\/\/www.cchen.cl\/index.php?rest_route=\/wp\/v2\/pages\/5805","targetHints":{"allow":["GET"]}}],"collection":[{"href":"https:\/\/www.cchen.cl\/index.php?rest_route=\/wp\/v2\/pages"}],"about":[{"href":"https:\/\/www.cchen.cl\/index.php?rest_route=\/wp\/v2\/types\/page"}],"author":[{"embeddable":true,"href":"https:\/\/www.cchen.cl\/index.php?rest_route=\/wp\/v2\/users\/3"}],"replies":[{"embeddable":true,"href":"https:\/\/www.cchen.cl\/index.php?rest_route=%2Fwp%2Fv2%2Fcomments&post=5805"}],"version-history":[{"count":12,"href":"https:\/\/www.cchen.cl\/index.php?rest_route=\/wp\/v2\/pages\/5805\/revisions"}],"predecessor-version":[{"id":6891,"href":"https:\/\/www.cchen.cl\/index.php?rest_route=\/wp\/v2\/pages\/5805\/revisions\/6891"}],"up":[{"embeddable":true,"href":"https:\/\/www.cchen.cl\/index.php?rest_route=\/wp\/v2\/pages\/131"}],"wp:attachment":[{"href":"https:\/\/www.cchen.cl\/index.php?rest_route=%2Fwp%2Fv2%2Fmedia&parent=5805"}],"curies":[{"name":"wp","href":"https:\/\/api.w.org\/{rel}","templated":true}]}}