{"id":595,"date":"2018-09-03T09:41:49","date_gmt":"2018-09-03T13:41:49","guid":{"rendered":"http:\/\/nueva.cchen.cl\/?page_id=595"},"modified":"2019-03-04T14:13:07","modified_gmt":"2019-03-04T18:13:07","slug":"multimedia","status":"publish","type":"page","link":"https:\/\/www.cchen.cl\/?page_id=595","title":{"rendered":"Multimedia"},"content":{"rendered":"<h4>Reactor Nuclear \/ Efecto Cherenkov<\/h4>\n<div class=\"ose-youtube ose-uid-6accf0e6b6a020fcbd7c9f774e4e7903 ose-embedpress-responsive\" style=\"width:560px; height:315px; max-height:315px; max-width:100%; display:inline-block;\" data-embed-type=\"Youtube\"><iframe loading=\"lazy\" allowFullScreen=\"true\" title=\"Reactor Nuclear Chileno \/ Efecto Cerenkov\" width=\"560\" height=\"315\" src=\"https:\/\/www.youtube.com\/embed\/JDJb5ZFWEFU?feature=oembed&color=red&rel=0&controls=1&start=&end=&fs=0&iv_load_policy=0&autoplay=0&mute=0&modestbranding=0&cc_load_policy=1&playsinline=1\" frameborder=\"0\" allow=\"accelerometer; encrypted-media;accelerometer;autoplay;clipboard-write;gyroscope;picture-in-picture clipboard-write; encrypted-media; gyroscope; picture-in-picture; web-share\" referrerpolicy=\"strict-origin-when-cross-origin\" allowfullscreen><\/iframe><\/div>\n<h4>Producci\u00f3n de Radiois\u00f3topos en la Comisi\u00f3n Chilena de Energ\u00eda Nuclear<\/h4>\n<div class=\"ose-youtube ose-uid-61a0650a22481a1da2846e9a2fe2b529 ose-embedpress-responsive\" style=\"width:560px; height:315px; max-height:315px; max-width:100%; display:inline-block;\" data-embed-type=\"Youtube\"><iframe loading=\"lazy\" allowFullScreen=\"true\" title=\"Producci\u00f3n de Radiois\u00f3topos en la Comisi\u00f3n Chilena de Energ\u00eda Nuclear\" width=\"560\" height=\"315\" src=\"https:\/\/www.youtube.com\/embed\/5fFpPmB2XCY?feature=oembed&color=red&rel=0&controls=1&start=&end=&fs=0&iv_load_policy=0&autoplay=0&mute=0&modestbranding=0&cc_load_policy=1&playsinline=1\" frameborder=\"0\" allow=\"accelerometer; encrypted-media;accelerometer;autoplay;clipboard-write;gyroscope;picture-in-picture clipboard-write; encrypted-media; gyroscope; picture-in-picture; web-share\" referrerpolicy=\"strict-origin-when-cross-origin\" allowfullscreen><\/iframe><\/div>\n<h4>El Control de Calidad en la Comisi\u00f3n Chilena de Energ\u00eda Nuclear<\/h4>\n<div class=\"ose-youtube ose-uid-cdd0f698d75bfb5f6c95494effb31d2f ose-embedpress-responsive\" style=\"width:560px; height:315px; max-height:315px; max-width:100%; display:inline-block;\" data-embed-type=\"Youtube\"><iframe loading=\"lazy\" allowFullScreen=\"true\" title=\"EL CONTROL DE CALIDAD EN LA COMISI\u00d3N CHILENA DE ENERG\u00cdA NUCLEAR\" width=\"560\" height=\"315\" src=\"https:\/\/www.youtube.com\/embed\/QdBsdCw2B2c?feature=oembed&color=red&rel=0&controls=1&start=&end=&fs=0&iv_load_policy=0&autoplay=0&mute=0&modestbranding=0&cc_load_policy=1&playsinline=1\" frameborder=\"0\" allow=\"accelerometer; encrypted-media;accelerometer;autoplay;clipboard-write;gyroscope;picture-in-picture clipboard-write; encrypted-media; gyroscope; picture-in-picture; web-share\" referrerpolicy=\"strict-origin-when-cross-origin\" allowfullscreen><\/iframe><\/div>\n","protected":false},"excerpt":{"rendered":"<p>Reactor Nuclear \/ Efecto Cherenkov Producci\u00f3n de Radiois\u00f3topos en la Comisi\u00f3n Chilena de Energ\u00eda Nuclear El Control de Calidad en la Comisi\u00f3n Chilena de Energ\u00eda Nuclear<\/p>\n","protected":false},"author":3,"featured_media":0,"parent":28,"menu_order":0,"comment_status":"closed","ping_status":"closed","template":"educacion-interior.php","meta":{"footnotes":"","_links_to":"","_links_to_target":""},"class_list":["post-595","page","type-page","status-publish","hentry"],"_links":{"self":[{"href":"https:\/\/www.cchen.cl\/index.php?rest_route=\/wp\/v2\/pages\/595","targetHints":{"allow":["GET"]}}],"collection":[{"href":"https:\/\/www.cchen.cl\/index.php?rest_route=\/wp\/v2\/pages"}],"about":[{"href":"https:\/\/www.cchen.cl\/index.php?rest_route=\/wp\/v2\/types\/page"}],"author":[{"embeddable":true,"href":"https:\/\/www.cchen.cl\/index.php?rest_route=\/wp\/v2\/users\/3"}],"replies":[{"embeddable":true,"href":"https:\/\/www.cchen.cl\/index.php?rest_route=%2Fwp%2Fv2%2Fcomments&post=595"}],"version-history":[{"count":7,"href":"https:\/\/www.cchen.cl\/index.php?rest_route=\/wp\/v2\/pages\/595\/revisions"}],"predecessor-version":[{"id":3710,"href":"https:\/\/www.cchen.cl\/index.php?rest_route=\/wp\/v2\/pages\/595\/revisions\/3710"}],"up":[{"embeddable":true,"href":"https:\/\/www.cchen.cl\/index.php?rest_route=\/wp\/v2\/pages\/28"}],"wp:attachment":[{"href":"https:\/\/www.cchen.cl\/index.php?rest_route=%2Fwp%2Fv2%2Fmedia&parent=595"}],"curies":[{"name":"wp","href":"https:\/\/api.w.org\/{rel}","templated":true}]}}