{"id":6418,"date":"2022-03-07T11:46:56","date_gmt":"2022-03-07T15:46:56","guid":{"rendered":"https:\/\/www.cchen.cl\/?page_id=6418"},"modified":"2022-03-07T11:51:43","modified_gmt":"2022-03-07T15:51:43","slug":"resoluciones-2022","status":"publish","type":"page","link":"https:\/\/www.cchen.cl\/?page_id=6418","title":{"rendered":"Resoluciones 2022"},"content":{"rendered":"<h4>Resoluci\u00f3n Exenta REX (DISNR) N\u00b0 031-2022 <strong>aprueba norma de seguridad ns-09.0 \u201cprotocolo de comunicaciones sobre eventos an\u00f3malos en instalaciones nucleares e instalaciones radiactivas que se encuentren dentro de la Comisi\u00f3n Chilena de E<\/strong><span style=\"font-weight: 400;\"><strong>nerg\u00eda Nuclear\u201d<\/strong>.<\/span><\/h4>\n<ul>\n<li><a href=\"https:\/\/www.cchen.cl\/pdf\/resoluciones_dsnr\/2022\/REX_DISNR_031-2022.pdf\" target=\"_blank\" rel=\"noopener noreferrer\">Resoluci\u00f3n Exenta N\u00b0 031-20212<\/a><\/li>\n<\/ul>\n","protected":false},"excerpt":{"rendered":"<p>Resoluci\u00f3n Exenta REX (DISNR) N\u00b0 031-2022 aprueba norma de seguridad ns-09.0 \u201cprotocolo de comunicaciones sobre eventos an\u00f3malos en instalaciones nucleares e instalaciones radiactivas que se encuentren dentro de la Comisi\u00f3n Chilena de Energ\u00eda Nuclear\u201d. Resoluci\u00f3n Exenta N\u00b0 031-20212<\/p>\n","protected":false},"author":3,"featured_media":0,"parent":1154,"menu_order":0,"comment_status":"closed","ping_status":"closed","template":"seguridad-interior.php","meta":{"footnotes":"","_links_to":"","_links_to_target":""},"class_list":["post-6418","page","type-page","status-publish","hentry"],"_links":{"self":[{"href":"https:\/\/www.cchen.cl\/index.php?rest_route=\/wp\/v2\/pages\/6418","targetHints":{"allow":["GET"]}}],"collection":[{"href":"https:\/\/www.cchen.cl\/index.php?rest_route=\/wp\/v2\/pages"}],"about":[{"href":"https:\/\/www.cchen.cl\/index.php?rest_route=\/wp\/v2\/types\/page"}],"author":[{"embeddable":true,"href":"https:\/\/www.cchen.cl\/index.php?rest_route=\/wp\/v2\/users\/3"}],"replies":[{"embeddable":true,"href":"https:\/\/www.cchen.cl\/index.php?rest_route=%2Fwp%2Fv2%2Fcomments&post=6418"}],"version-history":[{"count":3,"href":"https:\/\/www.cchen.cl\/index.php?rest_route=\/wp\/v2\/pages\/6418\/revisions"}],"predecessor-version":[{"id":6421,"href":"https:\/\/www.cchen.cl\/index.php?rest_route=\/wp\/v2\/pages\/6418\/revisions\/6421"}],"up":[{"embeddable":true,"href":"https:\/\/www.cchen.cl\/index.php?rest_route=\/wp\/v2\/pages\/1154"}],"wp:attachment":[{"href":"https:\/\/www.cchen.cl\/index.php?rest_route=%2Fwp%2Fv2%2Fmedia&parent=6418"}],"curies":[{"name":"wp","href":"https:\/\/api.w.org\/{rel}","templated":true}]}}