{"id":6581,"date":"2022-04-07T13:28:23","date_gmt":"2022-04-07T17:28:23","guid":{"rendered":"https:\/\/www.cchen.cl\/?page_id=6581"},"modified":"2022-04-08T09:58:31","modified_gmt":"2022-04-08T13:58:31","slug":"memoria-2004-xp4","status":"publish","type":"page","link":"https:\/\/www.cchen.cl\/?page_id=6581","title":{"rendered":"Memoria Anual 2004"},"content":{"rendered":"<table class=\"table table-hover\">\n<thead>\n    <\/thead>\n<tbody>\n<tr class=\"clickable\" data-toggle=\"collapse\" id=\"row1\" data-target=\".row1\">\n<td><a href=\"https:\/\/www.cchen.cl\/pdf\/memorias_xp\/xp4\/asjur.html\">Asuntos Jur\u00eddicos<\/td>\n<\/tr>\n<tr class=\"clickable\" data-toggle=\"collapse\" id=\"row1\" data-target=\".row1\">\n<td><a href=\"https:\/\/www.cchen.cl\/pdf\/memorias_xp\/xp4\/ok_gescal.html\">Gesti\u00f3n de Calidad<\/td>\n<\/tr>\n<tr class=\"clickable\" data-toggle=\"collapse\" id=\"row2\" data-target=\".row2\">\n<td><a href=\"https:\/\/www.cchen.cl\/pdf\/memorias_xp\/xp4\/ok_gescal.html\">Departamento de Materiales Nucleares<\/td>\n<\/tr>\n<tr class=\"collapse row2\">\n<td><a href=\"https:\/\/www.cchen.cl\/pdf\/memorias_xp\/xp4\/ok_secgeomin.html\">Secci\u00f3n Geolog\u00eda y Miner\u00eda<\/a><\/td>\n<\/tr>\n<tr class=\"collapse row2\">\n<td><a href=\"https:\/\/www.cchen.cl\/pdf\/memorias_xp\/xp4\/ok_secmatnu.html\">Secci\u00f3n Materiales Nucleares<\/a><\/td>\n<\/tr>\n<tr class=\"collapse row2\">\n<td><a href=\"https:\/\/www.cchen.cl\/pdf\/memorias_xp\/xp4\/ok_secmatava.html\">Secci\u00f3n Materiales Avanzados<\/a><\/td>\n<\/tr>\n<tr class=\"clickable\" data-toggle=\"collapse\" id=\"row3\" data-target=\".row3\">\n<td><a href=\"https:\/\/www.cchen.cl\/pdf\/memorias_xp\/xp4\/ok_dsa.html\">Departamento Sistemas y Administraci\u00f3n<\/td>\n<\/tr>\n<tr class=\"collapse row3\">\n<td><a href=\"https:\/\/www.cchen.cl\/pdf\/memorias_xp\/xp4\/OK_subadmin.html\">Subdepartamento de Administraci\u00f3n<\/a><\/td>\n<\/tr>\n<tr class=\"collapse row3\" align=\"center\">\n<td><a href=\"https:\/\/www.cchen.cl\/pdf\/memorias_xp\/xp4\/OK_secper.html\">Secci\u00f3n Personal<\/a><\/td>\n<\/tr>\n<tr class=\"collapse row3\" align=\"center\">\n<td><a href=\"https:\/\/www.cchen.cl\/pdf\/memorias_xp\/xp4\/OK_secbien.html\">Secci\u00f3n Bienestar<\/a><\/td>\n<\/tr>\n<tr class=\"collapse row3\" align=\"center\">\n<td><a href=\"https:\/\/www.cchen.cl\/pdf\/memorias_xp\/xp4\/OK_secsergen.html\">Secci\u00f3n Servicios Generales<\/a><\/td>\n<\/tr>\n<tr class=\"collapse row3\" align=\"center\">\n<td><a href=\"https:\/\/www.cchen.cl\/pdf\/memorias_xp\/xp4\/OK_secconfin.html\">Secci\u00f3n Contabilidad y Finanzas<\/a><\/td>\n<\/tr>\n<tr class=\"collapse row3\" align=\"center\">\n<td><a href=\"https:\/\/www.cchen.cl\/pdf\/memorias_xp\/xp4\/OK_secad.html\">Secci\u00f3n Adquisiciones<\/a><\/td>\n<\/tr>\n<tr class=\"collapse row3\" align=\"center\">\n<td><a href=\"https:\/\/www.cchen.cl\/pdf\/memorias_xp\/xp4\/OK_secbib.html\">Secci\u00f3n Bibliotecas<\/a><\/td>\n<\/tr>\n<tr class=\"collapse row3\">\n<td><a href=\"https:\/\/www.cchen.cl\/pdf\/memorias_xp\/xp4\/ok_subinfma.html\">Subdepartamento de Inform\u00e1tica y Mantenimiento<\/a><\/td>\n<\/tr>\n<tr class=\"collapse row3\" align=\"center\">\n<td><a href=\"https:\/\/www.cchen.cl\/pdf\/memorias_xp\/xp4\/OK_tallele.html\">Secci\u00f3n Taller de Electromec\u00e1nica<\/a><\/td>\n<\/tr>\n<tr class=\"collapse row3\" align=\"center\">\n<td><a href=\"https:\/\/www.cchen.cl\/pdf\/memorias_xp\/xp4\/OK_secpoc.html\">Secci\u00f3n Proyectos y Obras Civiles<\/a><\/td>\n<\/tr>\n<tr class=\"collapse row3\" align=\"center\">\n<td><a href=\"https:\/\/www.cchen.cl\/pdf\/memorias_xp\/xp4\/OK_secdesis.html\">Secci\u00f3n Desarrollo de Sistemas<\/a><\/td>\n<\/tr>\n<tr class=\"collapse row3\" align=\"center\">\n<td><a href=\"https:\/\/www.cchen.cl\/pdf\/memorias_xp\/xp4\/OK_secsop.html\">Secci\u00f3n Soporte Inform\u00e1tico<\/a><\/td>\n<\/tr>\n<tr class=\"clickable\" data-toggle=\"collapse\" id=\"row4\" data-target=\".row4\">\n<td><a href=\"https:\/\/www.cchen.cl\/pdf\/memorias_xp\/xp4\/OK_dpra.html\">Departamento Protecci\u00f3n Radiol\u00f3gica Ambiental<\/td>\n<\/tr>\n<tr class=\"collapse row4\" >\n<td><a href=\"https:\/\/www.cchen.cl\/pdf\/memorias_xp\/xp4\/OK_secmri.html\">Secci\u00f3n Metrolog\u00eda de Radiaciones Ionizantes<\/a><\/td>\n<\/tr>\n<tr class=\"collapse row4\" >\n<td><a href=\"https:\/\/www.cchen.cl\/pdf\/memorias_xp\/xp4\/OK_secpf.html\">Secci\u00f3n Protecci\u00f3n F\u00edsica<\/a><\/td>\n<\/tr>\n<tr class=\"collapse row4\" >\n<td><a href=\"https:\/\/www.cchen.cl\/pdf\/memorias_xp\/xp4\/OK_secrm.html\">Secci\u00f3n Radiomedicina<\/a><\/td>\n<\/tr>\n<tr class=\"collapse row4\">\n<td><a href=\"https:\/\/www.cchen.cl\/pdf\/memorias_xp\/xp4\/OK_secpr.html\">Secci\u00f3n Protecci\u00f3n Radiol\u00f3gica<\/a><\/td>\n<\/tr>\n<tr class=\"collapse row4\" >\n<td><a href=\"https:\/\/www.cchen.cl\/pdf\/memorias_xp\/xp4\/OK_secvra.html\">Secci\u00f3n Vigilancia Radiol\u00f3gica Ambiental<\/a><\/td>\n<\/tr>\n<tr class=\"collapse row4\" >\n<td><a href=\"https:\/\/www.cchen.cl\/pdf\/memorias_xp\/xp4\/OK_secprr.html\">Secci\u00f3n Prevenci\u00f3n de Riesgos<\/a><\/td>\n<\/tr>\n<tr class=\"collapse row4\" >\n<td><a href=\"https:\/\/www.cchen.cl\/pdf\/memorias_xp\/xp4\/ok_secsgdr.html\">Secci\u00f3n Gesti\u00f3n de Desechos Radiactivos<\/a><\/td>\n<\/tr>\n<tr class=\"collapse row4\" >\n<td><a href=\"https:\/\/www.cchen.cl\/pdf\/memorias_xp\/xp4\/ok_secga.html\">Secci\u00f3n Gesti\u00f3n Ambiental<\/a><\/td>\n<\/tr>\n<tr class=\"clickable\" data-toggle=\"collapse\" id=\"row5\" data-target=\".row5\">\n<td><a href=\"https:\/\/www.cchen.cl\/pdf\/memorias_xp\/xp4\/ok_pcg.html\">Planificaci\u00f3n y Control de Gesti\u00f3n<\/td>\n<\/tr>\n<tr class=\"clickable\" data-toggle=\"collapse\" id=\"row6\" data-target=\".row6\">\n<td><a href=\"https:\/\/www.cchen.cl\/pdf\/memorias_xp\/xp4\/ok_aud.html\">Auditor\u00eda<\/td>\n<\/tr>\n<tr class=\"clickable\" data-toggle=\"collapse\" id=\"row6\" data-target=\".row6\">\n<td><a href=\"https:\/\/www.cchen.cl\/pdf\/memorias_xp\/xp4\/ok_dye.html\">Difusi\u00f3n y Extensi\u00f3n<\/td>\n<\/tr>\n<tr class=\"clickable\" data-toggle=\"collapse\" id=\"row7\" data-target=\".row7\">\n<td><a href=\"https:\/\/www.cchen.cl\/pdf\/memorias_xp\/xp4\/ok_dps.html\">Departamento Producci\u00f3n y Servicios<\/td>\n<\/tr>\n<tr class=\"collapse row7\" >\n<td><a href=\"https:\/\/www.cchen.cl\/pdf\/memorias_xp\/xp4\/ok_secprrr.html\">Secci\u00f3n Producci\u00f3n de Radiois\u00f3topos y Radiof\u00e1rmacos<\/a><\/td>\n<\/tr>\n<tr class=\"collapse row7\" >\n<td><a href=\"https:\/\/www.cchen.cl\/pdf\/memorias_xp\/xp4\/ok_secclo.html\">Secci\u00f3n Ciclotr\u00f3n<\/a><\/td>\n<\/tr>\n<tr class=\"collapse row7\" >\n<td><a href=\"https:\/\/www.cchen.cl\/pdf\/memorias_xp\/xp4\/ok_secpi.html\">Secci\u00f3n Planta de Irradiaciones<\/a><\/td>\n<\/tr>\n<tr class=\"collapse row7\" >\n<td><a href=\"https:\/\/www.cchen.cl\/pdf\/memorias_xp\/xp4\/ok_secdos.html\">Secci\u00f3n Dosimetr\u00eda<\/a><\/td>\n<\/tr>\n<tr class=\"collapse row7\" >\n<td><a href=\"https:\/\/www.cchen.cl\/pdf\/memorias_xp\/xp4\/ok_seccom.html\">Secci\u00f3n Comercializaci\u00f3n<\/a><\/td>\n<\/tr>\n<tr class=\"clickable\" data-toggle=\"collapse\" id=\"row8\" data-target=\".row8\">\n<td><a href=\"https:\/\/www.cchen.cl\/pdf\/memorias_xp\/xp4\/dsnr.html\">Departamento Seguridad Nuclear y Radiol\u00f3gica<\/td>\n<\/tr>\n<tr class=\"collapse row8\" >\n<td><a href=\"https:\/\/www.cchen.cl\/pdf\/memorias_xp\/xp4\/secsir.html\">Secci\u00f3n Seguridad de Instalaciones Radiactivas<\/a><\/td>\n<\/tr>\n<tr class=\"collapse row8\" >\n<td><a href=\"https:\/\/www.cchen.cl\/pdf\/memorias_xp\/xp4\/secsin.html\">Secci\u00f3n Seguridad de Instalaciones Nucleares<\/a><\/td>\n<\/tr>\n<tr class=\"clickable\" data-toggle=\"collapse\" id=\"row9\" data-target=\".row9\">\n<td><a href=\"https:\/\/www.cchen.cl\/pdf\/memorias_xp\/xp4\/dan.html\">Departamento Aplicaciones Nucleares<\/td>\n<\/tr>\n<tr class=\"collapse row9\" align=\"center\">\n<td><a href=\"https:\/\/www.cchen.cl\/pdf\/memorias_xp\/xp4\/secsubreac.html\">Subdepartamento de Reactores<\/a><\/td>\n<\/tr>\n<tr class=\"collapse row9\" >\n<td><a href=\"https:\/\/www.cchen.cl\/pdf\/memorias_xp\/xp4\/secagr.html\">Secci\u00f3n de Agricultura<\/a><\/td>\n<\/tr>\n<tr class=\"collapse row9\" >\n<td><a href=\"https:\/\/www.cchen.cl\/pdf\/memorias_xp\/xp4\/secsya.html\">Secci\u00f3n Salud y Alimentos<\/a><\/td>\n<\/tr>\n<tr class=\"collapse row9\" >\n<td><a href=\"https:\/\/www.cchen.cl\/pdf\/memorias_xp\/xp4\/seciyma.html\">Secci\u00f3n Industria y Medioambiente<\/a><\/td>\n<\/tr>\n<tr class=\"collapse row9\" align=\"center\">\n<td><a href=\"https:\/\/www.cchen.cl\/pdf\/memorias_xp\/xp4\/lat.html\">Laboratorio de Aplicaciones de Trazadores<\/a><\/td>\n<\/tr>\n<tr class=\"collapse row9\" align=\"center\">\n<td><a href=\"https:\/\/www.cchen.cl\/pdf\/memorias_xp\/xp4\/seclia.html\">Laboratorio de Is\u00f3topos Ambientales<\/a><\/td>\n<\/tr>\n<tr class=\"collapse row9\" >\n<td><a href=\"https:\/\/www.cchen.cl\/pdf\/memorias_xp\/xp4\/secmq.html\">Secci\u00f3n Metrolog\u00eda Qu\u00edmica<\/a><\/td>\n<\/tr>\n<tr class=\"collapse row9\" align=\"center\">\n<td><a href=\"https:\/\/www.cchen.cl\/pdf\/memorias_xp\/xp4\/laan.html\">Laboratorio de An\u00e1lisis por Activaci\u00f3n Neutr\u00f3nica<\/a><\/td>\n<\/tr>\n<tr class=\"collapse row9\" align=\"center\">\n<td><a href=\"https:\/\/www.cchen.cl\/pdf\/memorias_xp\/xp4\/lfrx.html\">Laboratorio de Fluorescencia de Rayos X<\/a><\/td>\n<\/tr>\n<tr class=\"collapse row9\" align=\"center\">\n<td><a href=\"https:\/\/www.cchen.cl\/pdf\/memorias_xp\/xp4\/laqic.html\">Laboratorio de An\u00e1lisis Qu\u00edmico por Instrumentaci\u00f3n Cl\u00e1sica<\/a><\/td>\n<\/tr>\n<tr class=\"clickable\" data-toggle=\"collapse\" id=\"row10\" data-target=\".row10\">\n<td><a href=\"https:\/\/www.cchen.cl\/pdf\/memorias_xp\/xp4\/condire.html\">Consejo Directivo<\/td>\n<\/tr>\n<\/tbody>\n<\/table>\n<style>\n.collapsing {\n  -webkit-transition: height .01s ease;\n  transition: height .01s ease\n}\n<\/style>\n<p>xp4<\/p>\n","protected":false},"excerpt":{"rendered":"<p>Asuntos Jur\u00eddicos Gesti\u00f3n de Calidad Departamento de Materiales Nucleares Secci\u00f3n Geolog\u00eda y Miner\u00eda Secci\u00f3n Materiales Nucleares Secci\u00f3n Materiales Avanzados Departamento Sistemas y Administraci\u00f3n Subdepartamento de Administraci\u00f3n Secci\u00f3n Personal Secci\u00f3n Bienestar Secci\u00f3n Servicios Generales Secci\u00f3n Contabilidad y Finanzas Secci\u00f3n Adquisiciones Secci\u00f3n Bibliotecas Subdepartamento de Inform\u00e1tica y Mantenimiento Secci\u00f3n Taller de Electromec\u00e1nica Secci\u00f3n Proyectos y Obras Civiles&#8230; <a class=\"read-more\" href=\"https:\/\/www.cchen.cl\/?page_id=6581\">Leer m\u00e1s >><\/a><\/p>\n","protected":false},"author":3,"featured_media":0,"parent":0,"menu_order":0,"comment_status":"closed","ping_status":"closed","template":"","meta":{"footnotes":"","_links_to":"","_links_to_target":""},"class_list":["post-6581","page","type-page","status-publish","hentry"],"_links":{"self":[{"href":"https:\/\/www.cchen.cl\/index.php?rest_route=\/wp\/v2\/pages\/6581","targetHints":{"allow":["GET"]}}],"collection":[{"href":"https:\/\/www.cchen.cl\/index.php?rest_route=\/wp\/v2\/pages"}],"about":[{"href":"https:\/\/www.cchen.cl\/index.php?rest_route=\/wp\/v2\/types\/page"}],"author":[{"embeddable":true,"href":"https:\/\/www.cchen.cl\/index.php?rest_route=\/wp\/v2\/users\/3"}],"replies":[{"embeddable":true,"href":"https:\/\/www.cchen.cl\/index.php?rest_route=%2Fwp%2Fv2%2Fcomments&post=6581"}],"version-history":[{"count":47,"href":"https:\/\/www.cchen.cl\/index.php?rest_route=\/wp\/v2\/pages\/6581\/revisions"}],"predecessor-version":[{"id":6659,"href":"https:\/\/www.cchen.cl\/index.php?rest_route=\/wp\/v2\/pages\/6581\/revisions\/6659"}],"wp:attachment":[{"href":"https:\/\/www.cchen.cl\/index.php?rest_route=%2Fwp%2Fv2%2Fmedia&parent=6581"}],"curies":[{"name":"wp","href":"https:\/\/api.w.org\/{rel}","templated":true}]}}