{"id":7839,"date":"2024-03-08T10:41:22","date_gmt":"2024-03-08T14:41:22","guid":{"rendered":"https:\/\/www.cchen.cl\/?page_id=7839"},"modified":"2024-05-02T15:42:50","modified_gmt":"2024-05-02T19:42:50","slug":"departamento-de-seguridad-integrada","status":"publish","type":"page","link":"https:\/\/www.cchen.cl\/?page_id=7839","title":{"rendered":"Departamento de Seguridad Integrada"},"content":{"rendered":"<p><strong>Responsable(S): Cristian Sep\u00falveda<\/strong><br \/>\n<a href=\"mailto:cristian.sepulveda@cchen.cl\" target=\"_blank\" rel=\"noopener\">cristian.sepulveda@cchen.cl<\/a><\/p>\n<p>Este departamento tiene como misi\u00f3n atender todo la relativo a la protecci\u00f3n radiol\u00f3gica, seguridad nuclear, protecci\u00f3n f\u00edsica de materiales e instalaciones nucleares, seguridad f\u00edsica de fuentes radiactivas, salvaguardias, transporte seguro de material radiactivo y seguridad en el trabajo en todo el \u00e1mbito de acci\u00f3n de la Comisi\u00f3n Chilena de Energ\u00eda Nuclear (<abbr class='c2c-text-hover' title='Comisi\u00f3n Chilena de Energ\u00eda Nuclear.'>CCHEN<\/abbr>).<\/p>\n<h4>Objetivo<\/h4>\n<p>Garantizar el m\u00e1ximo nivel de seguridad de las instalaciones de la <abbr class='c2c-text-hover' title='Comisi\u00f3n Chilena de Energ\u00eda Nuclear.'>CCHEN<\/abbr>, durante su ciclo de vida, que permita resguardar la salud de su personal, del p\u00fablico y el cuidado del ambiente. Para alcanzar el objetivo indicado, el DSI a trav\u00e9s de sus tres secciones implementa y da sostenibilidad a la Pol\u00edtica <abbr class='c2c-text-hover' title='Comisi\u00f3n Chilena de Energ\u00eda Nuclear.'>CCHEN<\/abbr>-POL01 \u201cprotecci\u00f3n de las Personas y Medioambiente contra los Riesgos Nucleares o Radiol\u00f3gicos\u201d.<\/p>\n<p>De este Departamento dependen las siguientes Secciones:<\/p>\n<h4>Secci\u00f3n Seguridad Nuclear Integrada y Salvaguardias<\/h4>\n<p>La Secci\u00f3n Seguridad Nuclear Integrada y Salvaguardias (SNIS) es responsable del Control, Gesti\u00f3n, Evaluaci\u00f3n y Optimizaci\u00f3n de la Seguridad Nuclear, F\u00edsica, Salvaguardias y No Proliferaci\u00f3n. Su quehacer consiste en otorgar soporte t\u00e9cnico a los responsables de las instalaciones y actividades de <abbr class='c2c-text-hover' title='Comisi\u00f3n Chilena de Energ\u00eda Nuclear.'>CCHEN<\/abbr> en materias de Seguridad Nuclear y Salvaguardias.<\/p>\n<h4>Secci\u00f3n Gesti\u00f3n de la Seguridad<\/h4>\n<p>La Secci\u00f3n de Gesti\u00f3n de la Seguridad es la responsable del Control, Gesti\u00f3n, Evaluaci\u00f3n y Optimizaci\u00f3n de la Gesti\u00f3n de la Seguridad.<\/p>\n<h4>Secci\u00f3n de Seguridad Radiol\u00f3gica Integrada<\/h4>\n<p>La Secci\u00f3n de Seguridad Radiol\u00f3gica Integrada, SRI, es responsable del Control, Gesti\u00f3n, Evaluaci\u00f3n y Optimizaci\u00f3n de la Seguridad y Salud en el Trabajo, Protecci\u00f3n Radiol\u00f3gica, Protecci\u00f3n y Seguridad F\u00edsica y la Vigilancia Medioambiental.<\/p>\n<p>Esta Secci\u00f3n organiza y ejecuta sus funciones y tareas a trav\u00e9s de tres unidades, la cuales de detallan a continuaci\u00f3n:<\/p>\n<h4>Unidad Protecci\u00f3n Radiol\u00f3gica Ocupacional<\/h4>\n<p>La Unidad de Protecci\u00f3n Radiol\u00f3gica Operacional (UPRO) busca lograr un nivel optimizado de la Protecci\u00f3n Radiol\u00f3gica en la instituci\u00f3n. Esto lo hace verificando que la operaci\u00f3n de las instalaciones nucleares y radiactivas se efect\u00fae en forma segura para proteger a las personas, los bienes y el medio ambiente de los eventuales riesgos derivados de su uso.<\/p>\n<h4>Unidad de Seguridad F\u00edsica<\/h4>\n<p>La unidad de seguridad f\u00edsica (USF) tiene por objetivo implementar, operar y mantener un Sistema de Protecci\u00f3n F\u00edsica de la <abbr class='c2c-text-hover' title='Comisi\u00f3n Chilena de Energ\u00eda Nuclear.'>CCHEN<\/abbr>, compuesto por dos centrales de vigilancia y alarmas emplazadas en los Centros de Estudios Nucleares de la Instituci\u00f3n. Este sistema de protecci\u00f3n f\u00edsica ha sido desarrollado cumpliendo con las recomendaciones sobre Protecci\u00f3n F\u00edsica de Materiales Nucleares e Instalaciones Nucleares del OIEA (Nuclear Series Security NSS N\u00ba 13) y su implementaci\u00f3n ha sido bajo la colaboraci\u00f3n y supervisi\u00f3n de expertos del Departamento de Energ\u00eda de los Estados Unidos (DOE).<\/p>\n<h4>Unidad Vigilancia Medioambiental<\/h4>\n<p>La Unidad de Vigilancia Medioambiental (UVM) de la Comisi\u00f3n Chilena de Energ\u00eda Nuclear, tiene como misi\u00f3n realizar la medici\u00f3n y evaluaci\u00f3n peri\u00f3dica de los niveles radiol\u00f3gicos ambientales naturales y artificiales presentes en el pa\u00eds, con especial \u00e9nfasis en los sitios de emplazamiento de los reactores nucleares de investigaci\u00f3n existentes, para la estimaci\u00f3n de la dosis a p\u00fablico y evaluar cualquier riesgo potencial.<\/p>\n<p>&nbsp;<\/p>\n","protected":false},"excerpt":{"rendered":"<p>Responsable(S): Cristian Sep\u00falveda cristian.sepulveda@cchen.cl Este departamento tiene como misi\u00f3n atender todo la relativo a la protecci\u00f3n radiol\u00f3gica, seguridad nuclear, protecci\u00f3n f\u00edsica de materiales e instalaciones nucleares, seguridad f\u00edsica de fuentes radiactivas, salvaguardias, transporte seguro de material radiactivo y seguridad en el trabajo en todo el \u00e1mbito de acci\u00f3n de la Comisi\u00f3n Chilena de Energ\u00eda Nuclear&#8230; <a class=\"read-more\" href=\"https:\/\/www.cchen.cl\/?page_id=7839\">Leer m\u00e1s >><\/a><\/p>\n","protected":false},"author":3,"featured_media":0,"parent":2577,"menu_order":0,"comment_status":"closed","ping_status":"closed","template":"institucion-interior.php","meta":{"footnotes":"","_links_to":"","_links_to_target":""},"class_list":["post-7839","page","type-page","status-publish","hentry"],"_links":{"self":[{"href":"https:\/\/www.cchen.cl\/index.php?rest_route=\/wp\/v2\/pages\/7839","targetHints":{"allow":["GET"]}}],"collection":[{"href":"https:\/\/www.cchen.cl\/index.php?rest_route=\/wp\/v2\/pages"}],"about":[{"href":"https:\/\/www.cchen.cl\/index.php?rest_route=\/wp\/v2\/types\/page"}],"author":[{"embeddable":true,"href":"https:\/\/www.cchen.cl\/index.php?rest_route=\/wp\/v2\/users\/3"}],"replies":[{"embeddable":true,"href":"https:\/\/www.cchen.cl\/index.php?rest_route=%2Fwp%2Fv2%2Fcomments&post=7839"}],"version-history":[{"count":4,"href":"https:\/\/www.cchen.cl\/index.php?rest_route=\/wp\/v2\/pages\/7839\/revisions"}],"predecessor-version":[{"id":7946,"href":"https:\/\/www.cchen.cl\/index.php?rest_route=\/wp\/v2\/pages\/7839\/revisions\/7946"}],"up":[{"embeddable":true,"href":"https:\/\/www.cchen.cl\/index.php?rest_route=\/wp\/v2\/pages\/2577"}],"wp:attachment":[{"href":"https:\/\/www.cchen.cl\/index.php?rest_route=%2Fwp%2Fv2%2Fmedia&parent=7839"}],"curies":[{"name":"wp","href":"https:\/\/api.w.org\/{rel}","templated":true}]}}